{"id":4228,"date":"2025-09-17T09:37:31","date_gmt":"2025-09-17T07:37:31","guid":{"rendered":"https:\/\/ferencesgimnazium.hu\/?page_id=4228"},"modified":"2025-11-10T10:52:23","modified_gmt":"2025-11-10T09:52:23","slug":"segito-szakemberek","status":"publish","type":"page","link":"https:\/\/ferencesgimnazium.hu\/index.php\/segito-szakemberek\/","title":{"rendered":"Seg\u00edt\u0151 szakemberek"},"content":{"rendered":"<p>A sz\u00fcl\u0151k, di\u00e1kok \u00e9s pedag\u00f3gusok sz\u00e1m\u00e1ra az al\u00e1bbi szolg\u00e1ltat\u00e1sok el\u00e9rhet\u0151ek a teljess\u00e9g ig\u00e9nye n\u00e9lk\u00fcl.<\/p>\n<p><strong>Iskolapszichol\u00f3gus<\/strong><br \/>\n<span style=\"color: #0000ff;\">Lajk\u00f3 Borb\u00e1la<\/span><br \/>\n<strong>e-mail: <\/strong>lajko.borbala@ferencesgimnazium.hu<\/p>\n<p><em>Pszichol\u00f3giai tan\u00e1csad\u00e1s \/ konzult\u00e1ci\u00f3:<\/em><\/p>\n<ul style=\"list-style-type: disc;\">\n<li>iskol\u00e1hoz kapcsol\u00f3d\u00f3 neh\u00e9zs\u00e9gek (pld. motiv\u00e1ci\u00f3, p\u00e1lyav\u00e1laszt\u00e1s, teljes\u00edtm\u00e9nyszorong\u00e1s)<\/li>\n<li>viselked\u00e9si neh\u00e9zs\u00e9gek (pld. beilleszked\u00e9si neh\u00e9zs\u00e9gek, kapcsolati elakad\u00e1sok)<\/li>\n<li>\u00e9rzelmi \u00e9let ter\u00fclet\u00e9n jelentkez\u0151 neh\u00e9zs\u00e9gek (pld. szorong\u00e1s, \u00f6nbizalom hi\u00e1ny, \u00e9rzelmi labilit\u00e1s)<\/li>\n<li>\u00f6nismereti, prevenci\u00f3s, eduk\u00e1ci\u00f3s csoportfoglalkoz\u00e1sok<\/li>\n<li>kr\u00edzisintervenci\u00f3<\/li>\n<\/ul>\n<p>&nbsp;<\/p>\n<p><strong>Iskolai szoci\u00e1lis seg\u00edt\u0151<\/strong><br \/>\n<span style=\"color: #0000ff;\">Istenes M\u00f3nika<\/span><br \/>\n<strong>e-mail:<\/strong> istenes.monika@dunakanyari.hu<br \/>\n<strong>mobil:<\/strong> +36\/20 364-08-37<\/p>\n<p><em>Szoci\u00e1lis tan\u00e1csad\u00e1s \/ konzult\u00e1ci\u00f3:<\/em><\/p>\n<ul>\n<li>inform\u00e1ci\u00f3ny\u00fajt\u00e1s az ell\u00e1t\u00e1sokr\u00f3l szoci\u00e1lis ter\u00fcleten, \u00fcgyint\u00e9z\u00e9sben val\u00f3 seg\u00edts\u00e9gny\u00fajt\u00e1s<\/li>\n<li>k\u00f6zvet\u00edt\u00e9s k\u00fcl\u00f6nb\u00f6z\u0151 szolg\u00e1ltat\u00e1sokhoz (pld. csal\u00e1dkonzult\u00e1ci\u00f3, medi\u00e1ci\u00f3, pszichol\u00f3gus)<\/li>\n<li>tan\u00e1csad\u00e1s \u00e9s \/ vagy konzult\u00e1ci\u00f3 biztos\u00edt\u00e1sa sz\u00fcl\u0151k sz\u00e1m\u00e1ra (gyermeknevel\u00e9si k\u00e9rd\u00e9sek, csal\u00e1di \u00e9let neh\u00e9zs\u00e9gei vagy v\u00e1ltoz\u00e1sai eset\u00e9n, iskolai probl\u00e9m\u00e1k)<\/li>\n<li>prevenci\u00f3s \/ eduk\u00e1ci\u00f3s csoport vagy oszt\u00e1lyfoglalkoz\u00e1sok tart\u00e1sa<\/li>\n<li>gyermekv\u00e9delmi \u00fcgyekben tan\u00e1csad\u00e1s<\/li>\n<li>kr\u00edzishelyzetben ell\u00e1t\u00e1s biztos\u00edt\u00e1sa<\/li>\n<li>az iskolai protokollt figyelembe v\u00e9ve iskolai konfliktusok kezel\u00e9s\u00e9ben \u00e9s megold\u00e1s\u00e1ban val\u00f3 r\u00e9szv\u00e9tel<\/li>\n<\/ul>\n","protected":false},"excerpt":{"rendered":"<p>A sz\u00fcl\u0151k, di\u00e1kok \u00e9s pedag\u00f3gusok sz\u00e1m\u00e1ra az al\u00e1bbi szolg\u00e1ltat\u00e1sok el\u00e9rhet\u0151ek a teljess\u00e9g ig\u00e9nye n\u00e9lk\u00fcl. Iskolapszichol\u00f3gus Lajk\u00f3 Borb\u00e1la e-mail: lajko.borbala@ferencesgimnazium.hu Pszichol\u00f3giai [&hellip;]<\/p>\n","protected":false},"author":2,"featured_media":0,"parent":0,"menu_order":0,"comment_status":"closed","ping_status":"closed","template":"","meta":{"ngg_post_thumbnail":0,"footnotes":""},"class_list":["post-4228","page","type-page","status-publish","hentry"],"_links":{"self":[{"href":"https:\/\/ferencesgimnazium.hu\/index.php\/wp-json\/wp\/v2\/pages\/4228","targetHints":{"allow":["GET"]}}],"collection":[{"href":"https:\/\/ferencesgimnazium.hu\/index.php\/wp-json\/wp\/v2\/pages"}],"about":[{"href":"https:\/\/ferencesgimnazium.hu\/index.php\/wp-json\/wp\/v2\/types\/page"}],"author":[{"embeddable":true,"href":"https:\/\/ferencesgimnazium.hu\/index.php\/wp-json\/wp\/v2\/users\/2"}],"replies":[{"embeddable":true,"href":"https:\/\/ferencesgimnazium.hu\/index.php\/wp-json\/wp\/v2\/comments?post=4228"}],"version-history":[{"count":4,"href":"https:\/\/ferencesgimnazium.hu\/index.php\/wp-json\/wp\/v2\/pages\/4228\/revisions"}],"predecessor-version":[{"id":4372,"href":"https:\/\/ferencesgimnazium.hu\/index.php\/wp-json\/wp\/v2\/pages\/4228\/revisions\/4372"}],"wp:attachment":[{"href":"https:\/\/ferencesgimnazium.hu\/index.php\/wp-json\/wp\/v2\/media?parent=4228"}],"curies":[{"name":"wp","href":"https:\/\/api.w.org\/{rel}","templated":true}]}}

Segítő szakemberek

<p>A szülők, diákok és pedagógusok számára az alábbi szolgáltatások elérhetőek a teljesség igénye nélkül.</p>
<p><strong>Iskolapszichológus</strong><br />
<span style="color: #0000ff;">Lajkó Borbála</span><br />
<strong>e-mail: </strong>lajko.borbala@ferencesgimnazium.hu</p>
<p><em>Pszichológiai tanácsadás / konzultáció:</em></p>
<ul style="list-style-type: disc;">
<li>iskolához kapcsolódó nehézségek (pld. motiváció, pályaválasztás, teljesítményszorongás)</li>
<li>viselkedési nehézségek (pld. beilleszkedési nehézségek, kapcsolati elakadások)</li>
<li>érzelmi élet területén jelentkező nehézségek (pld. szorongás, önbizalom hiány, érzelmi labilitás)</li>
<li>önismereti, prevenciós, edukációs csoportfoglalkozások</li>
<li>krízisintervenció</li>
</ul>
<p>&nbsp;</p>
<p><strong>Iskolai szociális segítő</strong><br />
<span style="color: #0000ff;">Istenes Mónika</span><br />
<strong>e-mail:</strong> istenes.monika@dunakanyari.hu<br />
<strong>mobil:</strong> +36/20 364-08-37</p>
<p><em>Szociális tanácsadás / konzultáció:</em></p>
<ul>
<li>információnyújtás az ellátásokról szociális területen, ügyintézésben való segítségnyújtás</li>
<li>közvetítés különböző szolgáltatásokhoz (pld. családkonzultáció, mediáció, pszichológus)</li>
<li>tanácsadás és / vagy konzultáció biztosítása szülők számára (gyermeknevelési kérdések, családi élet nehézségei vagy változásai esetén, iskolai problémák)</li>
<li>prevenciós / edukációs csoport vagy osztályfoglalkozások tartása</li>
<li>gyermekvédelmi ügyekben tanácsadás</li>
<li>krízishelyzetben ellátás biztosítása</li>
<li>az iskolai protokollt figyelembe véve iskolai konfliktusok kezelésében és megoldásában való részvétel</li>
</ul>

<p>A szülők, diákok és pedagógusok számára az alábbi szolgáltatások elérhetőek a teljesség igénye nélkül. Iskolapszichológus Lajkó Borbála e-mail: lajko.borbala@ferencesgimnazium.hu Pszichológiai [&hellip;]</p>
