{"id":3807,"date":"2024-04-24T00:14:42","date_gmt":"2024-04-23T22:14:42","guid":{"rendered":"https:\/\/ferencesgimnazium.hu\/?page_id=3807"},"modified":"2024-04-24T00:14:42","modified_gmt":"2024-04-23T22:14:42","slug":"matematika-hirek","status":"publish","type":"page","link":"https:\/\/ferencesgimnazium.hu\/index.php\/matematika-hirek\/","title":{"rendered":"Matematika h\u00edrek"},"content":{"rendered":"<p><strong>\u03c0 versek &#8211; \u00e9rdekess\u00e9gek<\/strong><\/p>\n<p><span style=\"font-weight: 400;\">A mnemotechnikai verseknek egy fajt\u00e1j\u00e1t k\u00e9pezik az olyan versek (sz\u00f6vegek), amelyek sz\u00e1mneveket nem is tartalmaznak, hanem a sz\u00f6veg minden egyes szava&nbsp;<\/span><i><span style=\"font-weight: 400;\">bet\u0171inek sz\u00e1ma<\/span><\/i><span style=\"font-weight: 400;\">&nbsp;szolg\u00e1ltatja a megjegyz\u00e9sre sz\u00e1nt sz\u00e1msorozatot. Ez ut\u00f3bbi versek f\u0151leg sokjegy\u0171 sz\u00e1m, illet\u0151leg hossz\u00fa tizedes t\u00f6rt&nbsp;<\/span><i><span style=\"font-weight: 400;\">sz\u00e1mjegyeinek<\/span><\/i><span style=\"font-weight: 400;\">&nbsp;megjegyz\u00e9s\u00e9re alkalmasak, amennyiben a sz\u00e1mjegyek k\u00f6z\u00f6tt nincs nulla (hacsak nem akarjuk a \u201enull\u00e1\u201d-t gondolatjellel kifejezni, ami a versk\u00f6lt\u0151 munk\u00e1j\u00e1t m\u00e9g jobban megnehez\u00edten\u00e9, vagy pedig 10 bet\u0171s sz\u00f3val fejezni ki a z\u00e9r\u00f3t)<\/span><\/p>\n<p><span style=\"font-weight: 400;\">A j\u00f3 pi-versek sok sz\u00e1mjegyet adnak meg \u00e9s szigor\u00faan a t\u00e1rgyn\u00e1l maradnak. Ezeknek a krit\u00e9riumoknak csak igen kev\u00e9s m\u0171 tud eleget tenni (az idegen nyelv\u0171 v\u00e1ltozatokat is bele\u00e9rtve).<\/span><\/p>\n<p><a href=\"https:\/\/drive.google.com\/file\/d\/1i1sxttoR21pKPACTXKd9KAKilCbsWXK_\/view?usp=sharing\" target=\"_blank\" rel=\"noopener noreferrer\">A PI versek itt el\u00e9rhet\u0151ek.<\/a><\/p>\n<p><a href=\"https:\/\/drive.google.com\/file\/d\/1TqGd39S2LjiHcq7YiACHFfklIgO2IHAf\/view?usp=drive_link\" target=\"_blank\" rel=\"noopener noreferrer\">PI \u00e9rdekess\u00e9gek itt el\u00e9rhet\u0151ek.<\/a><\/p>\n","protected":false},"excerpt":{"rendered":"<p>\u03c0 versek &#8211; \u00e9rdekess\u00e9gek A mnemotechnikai verseknek egy fajt\u00e1j\u00e1t k\u00e9pezik az olyan versek (sz\u00f6vegek), amelyek sz\u00e1mneveket nem is tartalmaznak, hanem [&hellip;]<\/p>\n","protected":false},"author":2,"featured_media":0,"parent":0,"menu_order":0,"comment_status":"closed","ping_status":"closed","template":"","meta":{"ngg_post_thumbnail":0,"footnotes":""},"class_list":["post-3807","page","type-page","status-publish","hentry"],"_links":{"self":[{"href":"https:\/\/ferencesgimnazium.hu\/index.php\/wp-json\/wp\/v2\/pages\/3807","targetHints":{"allow":["GET"]}}],"collection":[{"href":"https:\/\/ferencesgimnazium.hu\/index.php\/wp-json\/wp\/v2\/pages"}],"about":[{"href":"https:\/\/ferencesgimnazium.hu\/index.php\/wp-json\/wp\/v2\/types\/page"}],"author":[{"embeddable":true,"href":"https:\/\/ferencesgimnazium.hu\/index.php\/wp-json\/wp\/v2\/users\/2"}],"replies":[{"embeddable":true,"href":"https:\/\/ferencesgimnazium.hu\/index.php\/wp-json\/wp\/v2\/comments?post=3807"}],"version-history":[{"count":1,"href":"https:\/\/ferencesgimnazium.hu\/index.php\/wp-json\/wp\/v2\/pages\/3807\/revisions"}],"predecessor-version":[{"id":3808,"href":"https:\/\/ferencesgimnazium.hu\/index.php\/wp-json\/wp\/v2\/pages\/3807\/revisions\/3808"}],"wp:attachment":[{"href":"https:\/\/ferencesgimnazium.hu\/index.php\/wp-json\/wp\/v2\/media?parent=3807"}],"curies":[{"name":"wp","href":"https:\/\/api.w.org\/{rel}","templated":true}]}}

Matematika hírek

<p><strong>π versek &#8211; érdekességek</strong></p>
<p><span style="font-weight: 400;">A mnemotechnikai verseknek egy fajtáját képezik az olyan versek (szövegek), amelyek számneveket nem is tartalmaznak, hanem a szöveg minden egyes szava&nbsp;</span><i><span style="font-weight: 400;">betűinek száma</span></i><span style="font-weight: 400;">&nbsp;szolgáltatja a megjegyzésre szánt számsorozatot. Ez utóbbi versek főleg sokjegyű szám, illetőleg hosszú tizedes tört&nbsp;</span><i><span style="font-weight: 400;">számjegyeinek</span></i><span style="font-weight: 400;">&nbsp;megjegyzésére alkalmasak, amennyiben a számjegyek között nincs nulla (hacsak nem akarjuk a „nullá”-t gondolatjellel kifejezni, ami a versköltő munkáját még jobban megnehezítené, vagy pedig 10 betűs szóval fejezni ki a zérót)</span></p>
<p><span style="font-weight: 400;">A jó pi-versek sok számjegyet adnak meg és szigorúan a tárgynál maradnak. Ezeknek a kritériumoknak csak igen kevés mű tud eleget tenni (az idegen nyelvű változatokat is beleértve).</span></p>
<p><a href="https://drive.google.com/file/d/1i1sxttoR21pKPACTXKd9KAKilCbsWXK_/view?usp=sharing" target="_blank" rel="noopener noreferrer">A PI versek itt elérhetőek.</a></p>
<p><a href="https://drive.google.com/file/d/1TqGd39S2LjiHcq7YiACHFfklIgO2IHAf/view?usp=drive_link" target="_blank" rel="noopener noreferrer">PI érdekességek itt elérhetőek.</a></p>

<p>π versek &#8211; érdekességek A mnemotechnikai verseknek egy fajtáját képezik az olyan versek (szövegek), amelyek számneveket nem is tartalmaznak, hanem [&hellip;]</p>
