{"id":3786,"date":"2024-04-23T23:53:04","date_gmt":"2024-04-23T21:53:04","guid":{"rendered":"https:\/\/ferencesgimnazium.hu\/?page_id=3786"},"modified":"2024-06-11T08:54:55","modified_gmt":"2024-06-11T06:54:55","slug":"teszi-b-sav","status":"publish","type":"page","link":"https:\/\/ferencesgimnazium.hu\/index.php\/teszi-b-sav\/","title":{"rendered":"TESZI &#8222;B s\u00e1v&#8221;"},"content":{"rendered":"<p><iframe loading=\"lazy\" src=\"https:\/\/docs.google.com\/spreadsheets\/d\/e\/2PACX-1vTltDWKPwfGRP1Uy37VrFLdRJ1VTrroTeyH2dod-Mtc7oXIjdz9aKLapYzHzhdbpA\/pubhtml?gid=1330687984&amp;single=true&amp;widget=true&amp;headers=false\" width=\"100%\" height=\"1000\"><\/iframe><\/p>\n<p><a href=\"https:\/\/ferencesgimnazium.hu\/wp-content\/uploads\/2024\/06\/DI\u00c1KV\u00c9LEM\u00c9NYEK-2023-24.pdf\" target=\"_blank\" rel=\"noopener noreferrer\"><span style=\"color: #ff0000;\"><strong>DI\u00c1KV\u00c9LEM\u00c9NYEK<\/strong><\/span><\/a><\/p>\n","protected":false},"excerpt":{"rendered":"<p>DI\u00c1KV\u00c9LEM\u00c9NYEK<\/p>\n","protected":false},"author":2,"featured_media":0,"parent":0,"menu_order":0,"comment_status":"closed","ping_status":"closed","template":"","meta":{"ngg_post_thumbnail":0,"footnotes":""},"class_list":["post-3786","page","type-page","status-publish","hentry"],"_links":{"self":[{"href":"https:\/\/ferencesgimnazium.hu\/index.php\/wp-json\/wp\/v2\/pages\/3786","targetHints":{"allow":["GET"]}}],"collection":[{"href":"https:\/\/ferencesgimnazium.hu\/index.php\/wp-json\/wp\/v2\/pages"}],"about":[{"href":"https:\/\/ferencesgimnazium.hu\/index.php\/wp-json\/wp\/v2\/types\/page"}],"author":[{"embeddable":true,"href":"https:\/\/ferencesgimnazium.hu\/index.php\/wp-json\/wp\/v2\/users\/2"}],"replies":[{"embeddable":true,"href":"https:\/\/ferencesgimnazium.hu\/index.php\/wp-json\/wp\/v2\/comments?post=3786"}],"version-history":[{"count":3,"href":"https:\/\/ferencesgimnazium.hu\/index.php\/wp-json\/wp\/v2\/pages\/3786\/revisions"}],"predecessor-version":[{"id":3872,"href":"https:\/\/ferencesgimnazium.hu\/index.php\/wp-json\/wp\/v2\/pages\/3786\/revisions\/3872"}],"wp:attachment":[{"href":"https:\/\/ferencesgimnazium.hu\/index.php\/wp-json\/wp\/v2\/media?parent=3786"}],"curies":[{"name":"wp","href":"https:\/\/api.w.org\/{rel}","templated":true}]}}

TESZI &#8222;B sáv&#8221;

<p><iframe loading="lazy" src="https://docs.google.com/spreadsheets/d/e/2PACX-1vTltDWKPwfGRP1Uy37VrFLdRJ1VTrroTeyH2dod-Mtc7oXIjdz9aKLapYzHzhdbpA/pubhtml?gid=1330687984&amp;single=true&amp;widget=true&amp;headers=false" width="100%" height="1000"></iframe></p>
<p><a href="https://ferencesgimnazium.hu/wp-content/uploads/2024/06/DIÁKVÉLEMÉNYEK-2023-24.pdf" target="_blank" rel="noopener noreferrer"><span style="color: #ff0000;"><strong>DIÁKVÉLEMÉNYEK</strong></span></a></p>

<p>DIÁKVÉLEMÉNYEK</p>
