{"id":3570,"date":"2023-11-29T14:47:42","date_gmt":"2023-11-29T13:47:42","guid":{"rendered":"https:\/\/ferencesgimnazium.hu\/?page_id=3570"},"modified":"2026-03-08T10:12:33","modified_gmt":"2026-03-08T09:12:33","slug":"kapolna","status":"publish","type":"page","link":"https:\/\/ferencesgimnazium.hu\/index.php\/kapolna\/","title":{"rendered":"K\u00e1polna"},"content":{"rendered":"<p><img loading=\"lazy\" decoding=\"async\" class=\"wp-image-3571 aligncenter\" src=\"https:\/\/ferencesgimnazium.hu\/wp-content\/uploads\/2023\/10\/kapolna-300x169.jpg\" alt=\"\" width=\"996\" height=\"561\" srcset=\"https:\/\/ferencesgimnazium.hu\/wp-content\/uploads\/2023\/10\/kapolna-300x169.jpg 300w, https:\/\/ferencesgimnazium.hu\/wp-content\/uploads\/2023\/10\/kapolna-1024x576.jpg 1024w, https:\/\/ferencesgimnazium.hu\/wp-content\/uploads\/2023\/10\/kapolna-768x432.jpg 768w, https:\/\/ferencesgimnazium.hu\/wp-content\/uploads\/2023\/10\/kapolna-1536x865.jpg 1536w, https:\/\/ferencesgimnazium.hu\/wp-content\/uploads\/2023\/10\/kapolna-2048x1153.jpg 2048w, https:\/\/ferencesgimnazium.hu\/wp-content\/uploads\/2023\/10\/kapolna-830x467.jpg 830w, https:\/\/ferencesgimnazium.hu\/wp-content\/uploads\/2023\/10\/kapolna-230x129.jpg 230w, https:\/\/ferencesgimnazium.hu\/wp-content\/uploads\/2023\/10\/kapolna-350x197.jpg 350w, https:\/\/ferencesgimnazium.hu\/wp-content\/uploads\/2023\/10\/kapolna-480x270.jpg 480w\" sizes=\"auto, (max-width: 996px) 100vw, 996px\" \/><\/p>\n<p style=\"text-align: center;\">&nbsp;<span style=\"font-size: 24pt;\"><strong>Ferences k\u00e1polna<\/strong><\/span><\/p>\n<p style=\"text-align: center;\"><span style=\"font-size: 24pt;\"><strong>&nbsp;<\/strong>Szentmis\u00e9k:<\/span><\/p>\n<p style=\"text-align: center;\"><strong><span style=\"font-size: 24pt;\">vas\u00e1rnaponk\u00e9nt 9 \u00f3r\u00e1t\u00f3l<\/span><\/strong><\/p>\n<p style=\"text-align: center;\"><strong>(ny\u00e1ri sz\u00fcnet kiv\u00e9tel\u00e9vel, utols\u00f3 szentmise a ny\u00e1ri sz\u00fcnet el\u0151tt: 2026. j\u00fanius 14.)<\/strong><\/p>\n<p>&nbsp;<\/p>\n<p style=\"text-align: center;\"><span style=\"font-size: 24pt; color: #800080;\"><strong><u>Nagyheti szertart\u00e1sok \u00e9s szentmis\u00e9k rendje (2026):<\/u><\/strong><\/span><\/p>\n<ul>\n<li><span style=\"font-size: 24pt; color: #800080;\">Nagycs\u00fct\u00f6rt\u00f6k: <strong>18:00<\/strong><\/span><\/li>\n<li><span style=\"font-size: 24pt; color: #800080;\">Nagyp\u00e9ntek: <strong>18:00<\/strong><\/span><\/li>\n<li><span style=\"font-size: 24pt; color: #800080;\">Nagyszombat: <strong>20:30<\/strong><\/span><\/li>\n<li><span style=\"font-size: 24pt; color: #800080;\">H\u00fasv\u00e9t vas\u00e1rnap: <strong>09:00<\/strong><\/span><\/li>\n<li><span style=\"font-size: 24pt; color: #800080;\">H\u00fasv\u00e9t h\u00e9tf\u0151: <strong>(-)<\/strong><\/span><\/li>\n<\/ul>\n<p>&nbsp;<\/p>\n<p>&nbsp;<\/p>\n<p>&nbsp;<\/p>\n","protected":false},"excerpt":{"rendered":"<p>&nbsp;Ferences k\u00e1polna &nbsp;Szentmis\u00e9k: vas\u00e1rnaponk\u00e9nt 9 \u00f3r\u00e1t\u00f3l (ny\u00e1ri sz\u00fcnet kiv\u00e9tel\u00e9vel, utols\u00f3 szentmise a ny\u00e1ri sz\u00fcnet el\u0151tt: 2026. j\u00fanius 14.) &nbsp; Nagyheti [&hellip;]<\/p>\n","protected":false},"author":2,"featured_media":0,"parent":0,"menu_order":0,"comment_status":"closed","ping_status":"closed","template":"","meta":{"ngg_post_thumbnail":0,"footnotes":""},"class_list":["post-3570","page","type-page","status-publish","hentry"],"_links":{"self":[{"href":"https:\/\/ferencesgimnazium.hu\/index.php\/wp-json\/wp\/v2\/pages\/3570","targetHints":{"allow":["GET"]}}],"collection":[{"href":"https:\/\/ferencesgimnazium.hu\/index.php\/wp-json\/wp\/v2\/pages"}],"about":[{"href":"https:\/\/ferencesgimnazium.hu\/index.php\/wp-json\/wp\/v2\/types\/page"}],"author":[{"embeddable":true,"href":"https:\/\/ferencesgimnazium.hu\/index.php\/wp-json\/wp\/v2\/users\/2"}],"replies":[{"embeddable":true,"href":"https:\/\/ferencesgimnazium.hu\/index.php\/wp-json\/wp\/v2\/comments?post=3570"}],"version-history":[{"count":5,"href":"https:\/\/ferencesgimnazium.hu\/index.php\/wp-json\/wp\/v2\/pages\/3570\/revisions"}],"predecessor-version":[{"id":4485,"href":"https:\/\/ferencesgimnazium.hu\/index.php\/wp-json\/wp\/v2\/pages\/3570\/revisions\/4485"}],"wp:attachment":[{"href":"https:\/\/ferencesgimnazium.hu\/index.php\/wp-json\/wp\/v2\/media?parent=3570"}],"curies":[{"name":"wp","href":"https:\/\/api.w.org\/{rel}","templated":true}]}}

Kápolna

<p><img loading="lazy" decoding="async" class="wp-image-3571 aligncenter" src="https://ferencesgimnazium.hu/wp-content/uploads/2023/10/kapolna-300x169.jpg" alt="" width="996" height="561" srcset="https://ferencesgimnazium.hu/wp-content/uploads/2023/10/kapolna-300x169.jpg 300w, https://ferencesgimnazium.hu/wp-content/uploads/2023/10/kapolna-1024x576.jpg 1024w, https://ferencesgimnazium.hu/wp-content/uploads/2023/10/kapolna-768x432.jpg 768w, https://ferencesgimnazium.hu/wp-content/uploads/2023/10/kapolna-1536x865.jpg 1536w, https://ferencesgimnazium.hu/wp-content/uploads/2023/10/kapolna-2048x1153.jpg 2048w, https://ferencesgimnazium.hu/wp-content/uploads/2023/10/kapolna-830x467.jpg 830w, https://ferencesgimnazium.hu/wp-content/uploads/2023/10/kapolna-230x129.jpg 230w, https://ferencesgimnazium.hu/wp-content/uploads/2023/10/kapolna-350x197.jpg 350w, https://ferencesgimnazium.hu/wp-content/uploads/2023/10/kapolna-480x270.jpg 480w" sizes="auto, (max-width: 996px) 100vw, 996px" /></p>
<p style="text-align: center;">&nbsp;<span style="font-size: 24pt;"><strong>Ferences kápolna</strong></span></p>
<p style="text-align: center;"><span style="font-size: 24pt;"><strong>&nbsp;</strong>Szentmisék:</span></p>
<p style="text-align: center;"><strong><span style="font-size: 24pt;">vasárnaponként 9 órától</span></strong></p>
<p style="text-align: center;"><strong>(nyári szünet kivételével, utolsó szentmise a nyári szünet előtt: 2026. június 14.)</strong></p>
<p>&nbsp;</p>
<p style="text-align: center;"><span style="font-size: 24pt; color: #800080;"><strong><u>Nagyheti szertartások és szentmisék rendje (2026):</u></strong></span></p>
<ul>
<li><span style="font-size: 24pt; color: #800080;">Nagycsütörtök: <strong>18:00</strong></span></li>
<li><span style="font-size: 24pt; color: #800080;">Nagypéntek: <strong>18:00</strong></span></li>
<li><span style="font-size: 24pt; color: #800080;">Nagyszombat: <strong>20:30</strong></span></li>
<li><span style="font-size: 24pt; color: #800080;">Húsvét vasárnap: <strong>09:00</strong></span></li>
<li><span style="font-size: 24pt; color: #800080;">Húsvét hétfő: <strong>(-)</strong></span></li>
</ul>
<p>&nbsp;</p>
<p>&nbsp;</p>
<p>&nbsp;</p>

<p>&nbsp;Ferences kápolna &nbsp;Szentmisék: vasárnaponként 9 órától (nyári szünet kivételével, utolsó szentmise a nyári szünet előtt: 2026. június 14.) &nbsp; Nagyheti [&hellip;]</p>
