{"id":3086,"date":"2021-12-02T18:28:56","date_gmt":"2021-12-02T17:28:56","guid":{"rendered":"https:\/\/ferencesgimnazium.hu\/?page_id=3086"},"modified":"2021-12-02T18:30:08","modified_gmt":"2021-12-02T17:30:08","slug":"maszofal","status":"publish","type":"page","link":"https:\/\/ferencesgimnazium.hu\/index.php\/maszofal\/","title":{"rendered":"M\u00e1sz\u00f3fal"},"content":{"rendered":"<p>Iskol\u00e1nk m\u00e1sz\u00f3fal fejleszt\u00e9se megval\u00f3sult a T-Rock kivitelez\u00e9s\u00e9ben, a Magyar Hegy- \u00e9s Sportm\u00e1sz\u00f3 Sz\u00f6vets\u00e9g j\u00f3volt\u00e1b\u00f3l.<br \/>\nA nyertes p\u00e1ly\u00e1zathoz az iskola biztos\u00edtotta az \u00f6nr\u00e9szt! K\u00f6sz\u00f6net \u00e9rte!<br \/>\nM\u00e1szni \u00f6r\u00f6m!<\/p>\n<p>&nbsp;<\/p>\n<div id='gallery-1' class='gallery galleryid-3086 gallery-columns-2 gallery-size-thumbnail'><figure class='gallery-item'>\n\t\t\t<div class='gallery-icon portrait'>\n\t\t\t\t<a href='https:\/\/ferencesgimnazium.hu\/index.php\/maszofal\/20211118_151639\/'><img loading=\"lazy\" decoding=\"async\" width=\"150\" height=\"150\" src=\"https:\/\/ferencesgimnazium.hu\/wp-content\/uploads\/2021\/12\/20211118_151639-150x150.jpg\" class=\"attachment-thumbnail size-thumbnail\" alt=\"\" \/><\/a>\n\t\t\t<\/div><\/figure><figure class='gallery-item'>\n\t\t\t<div class='gallery-icon portrait'>\n\t\t\t\t<a href='https:\/\/ferencesgimnazium.hu\/index.php\/maszofal\/20211118_151616\/'><img loading=\"lazy\" decoding=\"async\" width=\"150\" height=\"150\" src=\"https:\/\/ferencesgimnazium.hu\/wp-content\/uploads\/2021\/12\/20211118_151616-150x150.jpg\" class=\"attachment-thumbnail size-thumbnail\" alt=\"\" \/><\/a>\n\t\t\t<\/div><\/figure><figure class='gallery-item'>\n\t\t\t<div class='gallery-icon landscape'>\n\t\t\t\t<a href='https:\/\/ferencesgimnazium.hu\/index.php\/maszofal\/20211118_151559\/'><img loading=\"lazy\" decoding=\"async\" width=\"150\" height=\"150\" src=\"https:\/\/ferencesgimnazium.hu\/wp-content\/uploads\/2021\/12\/20211118_151559-150x150.jpg\" class=\"attachment-thumbnail size-thumbnail\" alt=\"\" \/><\/a>\n\t\t\t<\/div><\/figure><figure class='gallery-item'>\n\t\t\t<div class='gallery-icon portrait'>\n\t\t\t\t<a href='https:\/\/ferencesgimnazium.hu\/index.php\/maszofal\/20211118_131127\/'><img loading=\"lazy\" decoding=\"async\" width=\"150\" height=\"150\" src=\"https:\/\/ferencesgimnazium.hu\/wp-content\/uploads\/2021\/12\/20211118_131127-150x150.jpg\" class=\"attachment-thumbnail size-thumbnail\" alt=\"\" \/><\/a>\n\t\t\t<\/div><\/figure>\n\t\t<\/div>\n\n","protected":false},"excerpt":{"rendered":"<p>Iskol\u00e1nk m\u00e1sz\u00f3fal fejleszt\u00e9se megval\u00f3sult a T-Rock kivitelez\u00e9s\u00e9ben, a Magyar Hegy- \u00e9s Sportm\u00e1sz\u00f3 Sz\u00f6vets\u00e9g j\u00f3volt\u00e1b\u00f3l. A nyertes p\u00e1ly\u00e1zathoz az iskola biztos\u00edtotta [&hellip;]<\/p>\n","protected":false},"author":2,"featured_media":0,"parent":0,"menu_order":0,"comment_status":"closed","ping_status":"closed","template":"","meta":{"ngg_post_thumbnail":0,"footnotes":""},"class_list":["post-3086","page","type-page","status-publish","hentry"],"_links":{"self":[{"href":"https:\/\/ferencesgimnazium.hu\/index.php\/wp-json\/wp\/v2\/pages\/3086","targetHints":{"allow":["GET"]}}],"collection":[{"href":"https:\/\/ferencesgimnazium.hu\/index.php\/wp-json\/wp\/v2\/pages"}],"about":[{"href":"https:\/\/ferencesgimnazium.hu\/index.php\/wp-json\/wp\/v2\/types\/page"}],"author":[{"embeddable":true,"href":"https:\/\/ferencesgimnazium.hu\/index.php\/wp-json\/wp\/v2\/users\/2"}],"replies":[{"embeddable":true,"href":"https:\/\/ferencesgimnazium.hu\/index.php\/wp-json\/wp\/v2\/comments?post=3086"}],"version-history":[{"count":2,"href":"https:\/\/ferencesgimnazium.hu\/index.php\/wp-json\/wp\/v2\/pages\/3086\/revisions"}],"predecessor-version":[{"id":3093,"href":"https:\/\/ferencesgimnazium.hu\/index.php\/wp-json\/wp\/v2\/pages\/3086\/revisions\/3093"}],"wp:attachment":[{"href":"https:\/\/ferencesgimnazium.hu\/index.php\/wp-json\/wp\/v2\/media?parent=3086"}],"curies":[{"name":"wp","href":"https:\/\/api.w.org\/{rel}","templated":true}]}}

Mászófal

<p>Iskolánk mászófal fejlesztése megvalósult a T-Rock kivitelezésében, a Magyar Hegy- és Sportmászó Szövetség jóvoltából.<br />
A nyertes pályázathoz az iskola biztosította az önrészt! Köszönet érte!<br />
Mászni öröm!</p>
<p>&nbsp;</p>
<div id='gallery-1' class='gallery galleryid-3086 gallery-columns-2 gallery-size-thumbnail'><figure class='gallery-item'>
			<div class='gallery-icon portrait'>
				<a href='https://ferencesgimnazium.hu/index.php/maszofal/20211118_151639/'><img loading="lazy" decoding="async" width="150" height="150" src="https://ferencesgimnazium.hu/wp-content/uploads/2021/12/20211118_151639-150x150.jpg" class="attachment-thumbnail size-thumbnail" alt="" /></a>
			</div></figure><figure class='gallery-item'>
			<div class='gallery-icon portrait'>
				<a href='https://ferencesgimnazium.hu/index.php/maszofal/20211118_151616/'><img loading="lazy" decoding="async" width="150" height="150" src="https://ferencesgimnazium.hu/wp-content/uploads/2021/12/20211118_151616-150x150.jpg" class="attachment-thumbnail size-thumbnail" alt="" /></a>
			</div></figure><figure class='gallery-item'>
			<div class='gallery-icon landscape'>
				<a href='https://ferencesgimnazium.hu/index.php/maszofal/20211118_151559/'><img loading="lazy" decoding="async" width="150" height="150" src="https://ferencesgimnazium.hu/wp-content/uploads/2021/12/20211118_151559-150x150.jpg" class="attachment-thumbnail size-thumbnail" alt="" /></a>
			</div></figure><figure class='gallery-item'>
			<div class='gallery-icon portrait'>
				<a href='https://ferencesgimnazium.hu/index.php/maszofal/20211118_131127/'><img loading="lazy" decoding="async" width="150" height="150" src="https://ferencesgimnazium.hu/wp-content/uploads/2021/12/20211118_131127-150x150.jpg" class="attachment-thumbnail size-thumbnail" alt="" /></a>
			</div></figure>
		</div>

<p>Iskolánk mászófal fejlesztése megvalósult a T-Rock kivitelezésében, a Magyar Hegy- és Sportmászó Szövetség jóvoltából. A nyertes pályázathoz az iskola biztosította [&hellip;]</p>
