{"id":2112,"date":"2019-05-15T22:23:41","date_gmt":"2019-05-15T20:23:41","guid":{"rendered":"https:\/\/ferencesgimnazium.hu\/?page_id=2112"},"modified":"2019-09-01T21:45:28","modified_gmt":"2019-09-01T19:45:28","slug":"polo","status":"publish","type":"page","link":"https:\/\/ferencesgimnazium.hu\/index.php\/polo\/","title":{"rendered":"P\u00f3l\u00f3, pul\u00f3ver rendel\u00e9s"},"content":{"rendered":"<p style=\"text-align: justify;\">Kedves Di\u00e1kok, Sz\u00fcl\u0151k!<\/p>\n<p style=\"text-align: justify;\">Ism\u00e9t elj\u00f6tt a v\u00e1rva v\u00e1rt id\u0151szak, amikor ism\u00e9telten lehet ferences p\u00f3l\u00f3t \u00e9s pul\u00f3vert rendelni. De ez az \u00e9v k\u00fcl\u00f6nleges. <span style=\"color: #ff0000;\"><strong>\u00daj diz\u00e1jnnal k\u00e9sz\u00fclt\u00fcnk!&nbsp;<\/strong><span style=\"color: #000000;\">A term\u00e9kek maradtak a r\u00e9giek: <strong>testnevel\u00e9s p\u00f3l\u00f3<\/strong> (nem csak testnevel\u00e9sre), <strong>gall\u00e9ros p\u00f3l\u00f3<\/strong> \u00e9s <strong>kapucnis pul\u00f3ver<\/strong>. A ruhadarabok ellen\u00e9rt\u00e9k\u00e9t a rendel\u00e9si \u0171rlapon lehet megtal\u00e1lni.<\/span><\/span><\/p>\n<p style=\"text-align: justify;\"><a href=\"https:\/\/forms.gle\/jDRpDULaK2eHddA37\" target=\"_blank\" rel=\"noopener noreferrer\">Rendelni ezen a linken lehet az \u0171rlap kit\u00f6lt\u00e9s\u00e9vel.<\/a><\/p>\n<p style=\"text-align: justify;\"><strong>A megrendel\u00e9st csak akkor gy\u00e1rtjuk le, ha az \u00f6sszeget szeptember 20-ig a Ferences Gimn\u00e1zium port\u00e1j\u00e1n leadj\u00e1k egy lez\u00e1rt bor\u00edt\u00e9kban. Erre \u00edrj\u00e1k r\u00e1 a megrendel\u0151 nev\u00e9t, a rendelt term\u00e9keket \u00e9s az \u00f6sszeget.<\/strong><\/p>\n<p>A k\u00e9sz term\u00e9ket el\u0151rel\u00e1that\u00f3lag okt\u00f3ber 10-t\u0151l lehet \u00e1tvenni a Ferences Gimn\u00e1zium port\u00e1j\u00e1n.<\/p>\n<p>&nbsp;<\/p>\n<hr>\n<p style=\"text-align: justify;\"><span style=\"color: #ff0000;\"><span style=\"color: #000000;\">Az al\u00e1bbi k\u00e9peken lehet l\u00e1tni a term\u00e9kek mint\u00e1j\u00e1t:<\/span><\/span><\/p>\n<p>Testnevel\u00e9s p\u00f3l\u00f3:<\/p>\n<p><a href=\"https:\/\/ferencesgimnazium.hu\/wp-content\/uploads\/2019\/05\/polo-vegleges-1.png\"><img loading=\"lazy\" decoding=\"async\" class=\"wp-image-2123 size-medium aligncenter\" src=\"https:\/\/ferencesgimnazium.hu\/wp-content\/uploads\/2019\/05\/polo-vegleges-1-300x203.png\" alt=\"\" width=\"300\" height=\"203\" srcset=\"https:\/\/ferencesgimnazium.hu\/wp-content\/uploads\/2019\/05\/polo-vegleges-1-300x203.png 300w, https:\/\/ferencesgimnazium.hu\/wp-content\/uploads\/2019\/05\/polo-vegleges-1-768x519.png 768w, https:\/\/ferencesgimnazium.hu\/wp-content\/uploads\/2019\/05\/polo-vegleges-1-830x561.png 830w, https:\/\/ferencesgimnazium.hu\/wp-content\/uploads\/2019\/05\/polo-vegleges-1-230x155.png 230w, https:\/\/ferencesgimnazium.hu\/wp-content\/uploads\/2019\/05\/polo-vegleges-1-350x237.png 350w, https:\/\/ferencesgimnazium.hu\/wp-content\/uploads\/2019\/05\/polo-vegleges-1-480x324.png 480w, https:\/\/ferencesgimnazium.hu\/wp-content\/uploads\/2019\/05\/polo-vegleges-1.png 1000w\" sizes=\"auto, (max-width: 300px) 100vw, 300px\" \/><\/a><\/p>\n<p>Gall\u00e9ros p\u00f3l\u00f3:<\/p>\n<p><a href=\"https:\/\/ferencesgimnazium.hu\/wp-content\/uploads\/2019\/05\/gall\u00e9ros-V\u00c9GLEGES_minta-1.png\"><img loading=\"lazy\" decoding=\"async\" class=\"aligncenter wp-image-2122 size-medium\" src=\"https:\/\/ferencesgimnazium.hu\/wp-content\/uploads\/2019\/05\/gall\u00e9ros-V\u00c9GLEGES_minta-1-226x300.png\" alt=\"\" width=\"226\" height=\"300\" srcset=\"https:\/\/ferencesgimnazium.hu\/wp-content\/uploads\/2019\/05\/gall\u00e9ros-V\u00c9GLEGES_minta-1-226x300.png 226w, https:\/\/ferencesgimnazium.hu\/wp-content\/uploads\/2019\/05\/gall\u00e9ros-V\u00c9GLEGES_minta-1-768x1021.png 768w, https:\/\/ferencesgimnazium.hu\/wp-content\/uploads\/2019\/05\/gall\u00e9ros-V\u00c9GLEGES_minta-1-770x1024.png 770w, https:\/\/ferencesgimnazium.hu\/wp-content\/uploads\/2019\/05\/gall\u00e9ros-V\u00c9GLEGES_minta-1-830x1103.png 830w, https:\/\/ferencesgimnazium.hu\/wp-content\/uploads\/2019\/05\/gall\u00e9ros-V\u00c9GLEGES_minta-1-230x306.png 230w, https:\/\/ferencesgimnazium.hu\/wp-content\/uploads\/2019\/05\/gall\u00e9ros-V\u00c9GLEGES_minta-1-350x465.png 350w, https:\/\/ferencesgimnazium.hu\/wp-content\/uploads\/2019\/05\/gall\u00e9ros-V\u00c9GLEGES_minta-1-480x638.png 480w, https:\/\/ferencesgimnazium.hu\/wp-content\/uploads\/2019\/05\/gall\u00e9ros-V\u00c9GLEGES_minta-1.png 1354w\" sizes=\"auto, (max-width: 226px) 100vw, 226px\" \/><\/a><\/p>\n","protected":false},"excerpt":{"rendered":"<p>Kedves Di\u00e1kok, Sz\u00fcl\u0151k! Ism\u00e9t elj\u00f6tt a v\u00e1rva v\u00e1rt id\u0151szak, amikor ism\u00e9telten lehet ferences p\u00f3l\u00f3t \u00e9s pul\u00f3vert rendelni. De ez az [&hellip;]<\/p>\n","protected":false},"author":2,"featured_media":2123,"parent":0,"menu_order":0,"comment_status":"closed","ping_status":"closed","template":"","meta":{"ngg_post_thumbnail":0,"footnotes":""},"class_list":["post-2112","page","type-page","status-publish","has-post-thumbnail","hentry"],"_links":{"self":[{"href":"https:\/\/ferencesgimnazium.hu\/index.php\/wp-json\/wp\/v2\/pages\/2112","targetHints":{"allow":["GET"]}}],"collection":[{"href":"https:\/\/ferencesgimnazium.hu\/index.php\/wp-json\/wp\/v2\/pages"}],"about":[{"href":"https:\/\/ferencesgimnazium.hu\/index.php\/wp-json\/wp\/v2\/types\/page"}],"author":[{"embeddable":true,"href":"https:\/\/ferencesgimnazium.hu\/index.php\/wp-json\/wp\/v2\/users\/2"}],"replies":[{"embeddable":true,"href":"https:\/\/ferencesgimnazium.hu\/index.php\/wp-json\/wp\/v2\/comments?post=2112"}],"version-history":[{"count":5,"href":"https:\/\/ferencesgimnazium.hu\/index.php\/wp-json\/wp\/v2\/pages\/2112\/revisions"}],"predecessor-version":[{"id":2365,"href":"https:\/\/ferencesgimnazium.hu\/index.php\/wp-json\/wp\/v2\/pages\/2112\/revisions\/2365"}],"wp:featuredmedia":[{"embeddable":true,"href":"https:\/\/ferencesgimnazium.hu\/index.php\/wp-json\/wp\/v2\/media\/2123"}],"wp:attachment":[{"href":"https:\/\/ferencesgimnazium.hu\/index.php\/wp-json\/wp\/v2\/media?parent=2112"}],"curies":[{"name":"wp","href":"https:\/\/api.w.org\/{rel}","templated":true}]}}

Póló, pulóver rendelés

<p style="text-align: justify;">Kedves Diákok, Szülők!</p>
<p style="text-align: justify;">Ismét eljött a várva várt időszak, amikor ismételten lehet ferences pólót és pulóvert rendelni. De ez az év különleges. <span style="color: #ff0000;"><strong>Új dizájnnal készültünk!&nbsp;</strong><span style="color: #000000;">A termékek maradtak a régiek: <strong>testnevelés póló</strong> (nem csak testnevelésre), <strong>galléros póló</strong> és <strong>kapucnis pulóver</strong>. A ruhadarabok ellenértékét a rendelési űrlapon lehet megtalálni.</span></span></p>
<p style="text-align: justify;"><a href="https://forms.gle/jDRpDULaK2eHddA37" target="_blank" rel="noopener noreferrer">Rendelni ezen a linken lehet az űrlap kitöltésével.</a></p>
<p style="text-align: justify;"><strong>A megrendelést csak akkor gyártjuk le, ha az összeget szeptember 20-ig a Ferences Gimnázium portáján leadják egy lezárt borítékban. Erre írják rá a megrendelő nevét, a rendelt termékeket és az összeget.</strong></p>
<p>A kész terméket előreláthatólag október 10-től lehet átvenni a Ferences Gimnázium portáján.</p>
<p>&nbsp;</p>
<hr>
<p style="text-align: justify;"><span style="color: #ff0000;"><span style="color: #000000;">Az alábbi képeken lehet látni a termékek mintáját:</span></span></p>
<p>Testnevelés póló:</p>
<p><a href="https://ferencesgimnazium.hu/wp-content/uploads/2019/05/polo-vegleges-1.png"><img loading="lazy" decoding="async" class="wp-image-2123 size-medium aligncenter" src="https://ferencesgimnazium.hu/wp-content/uploads/2019/05/polo-vegleges-1-300x203.png" alt="" width="300" height="203" srcset="https://ferencesgimnazium.hu/wp-content/uploads/2019/05/polo-vegleges-1-300x203.png 300w, https://ferencesgimnazium.hu/wp-content/uploads/2019/05/polo-vegleges-1-768x519.png 768w, https://ferencesgimnazium.hu/wp-content/uploads/2019/05/polo-vegleges-1-830x561.png 830w, https://ferencesgimnazium.hu/wp-content/uploads/2019/05/polo-vegleges-1-230x155.png 230w, https://ferencesgimnazium.hu/wp-content/uploads/2019/05/polo-vegleges-1-350x237.png 350w, https://ferencesgimnazium.hu/wp-content/uploads/2019/05/polo-vegleges-1-480x324.png 480w, https://ferencesgimnazium.hu/wp-content/uploads/2019/05/polo-vegleges-1.png 1000w" sizes="auto, (max-width: 300px) 100vw, 300px" /></a></p>
<p>Galléros póló:</p>
<p><a href="https://ferencesgimnazium.hu/wp-content/uploads/2019/05/galléros-VÉGLEGES_minta-1.png"><img loading="lazy" decoding="async" class="aligncenter wp-image-2122 size-medium" src="https://ferencesgimnazium.hu/wp-content/uploads/2019/05/galléros-VÉGLEGES_minta-1-226x300.png" alt="" width="226" height="300" srcset="https://ferencesgimnazium.hu/wp-content/uploads/2019/05/galléros-VÉGLEGES_minta-1-226x300.png 226w, https://ferencesgimnazium.hu/wp-content/uploads/2019/05/galléros-VÉGLEGES_minta-1-768x1021.png 768w, https://ferencesgimnazium.hu/wp-content/uploads/2019/05/galléros-VÉGLEGES_minta-1-770x1024.png 770w, https://ferencesgimnazium.hu/wp-content/uploads/2019/05/galléros-VÉGLEGES_minta-1-830x1103.png 830w, https://ferencesgimnazium.hu/wp-content/uploads/2019/05/galléros-VÉGLEGES_minta-1-230x306.png 230w, https://ferencesgimnazium.hu/wp-content/uploads/2019/05/galléros-VÉGLEGES_minta-1-350x465.png 350w, https://ferencesgimnazium.hu/wp-content/uploads/2019/05/galléros-VÉGLEGES_minta-1-480x638.png 480w, https://ferencesgimnazium.hu/wp-content/uploads/2019/05/galléros-VÉGLEGES_minta-1.png 1354w" sizes="auto, (max-width: 226px) 100vw, 226px" /></a></p>

<p>Kedves Diákok, Szülők! Ismét eljött a várva várt időszak, amikor ismételten lehet ferences pólót és pulóvert rendelni. De ez az [&hellip;]</p>
