{"id":1708,"date":"2018-10-24T23:30:26","date_gmt":"2018-10-24T21:30:26","guid":{"rendered":"https:\/\/ferencesgimnazium.hu\/?page_id=1708"},"modified":"2026-03-25T07:56:23","modified_gmt":"2026-03-25T06:56:23","slug":"hirek","status":"publish","type":"page","link":"https:\/\/ferencesgimnazium.hu\/index.php\/hirek\/","title":{"rendered":"H\u00edrek"},"content":{"rendered":"<p>Megjelent a 2026 tavaszi k\u00f6rlev\u00e9l, amely <a href=\"https:\/\/ferencesgimnazium.hu\/wp-content\/uploads\/2026\/03\/Oregdiak_korlevel_2026tavasz.pdf\">itt olvashat\u00f3<\/a>.<\/p>\n<hr>\n<p style=\"font-weight: 400; text-align: center;\"><strong>Szent Ferenc napi \u00f6regdi\u00e1k lelkinap<\/strong><\/p>\n<p style=\"font-weight: 400;\">&nbsp;<\/p>\n<p style=\"font-weight: 400;\">Az idei&nbsp;<strong>lelkinapot<\/strong>&nbsp;a szokott m\u00f3don, a kar\u00e1csonyi k\u00f6rlev\u00e9lben is meghirdetett napon, vagyis&nbsp;<strong>2025. okt\u00f3ber 11.\u00e9n tartjuk<\/strong>,&nbsp;<strong>a Ferences Gimn\u00e1ziumban Szentendr\u00e9n.<\/strong><\/p>\n<ul style=\"font-weight: 400;\">\n<li><strong>10:00 kezdettel szentmise a k\u00e1poln\u00e1ban<\/strong>.<\/li>\n<li>Megeml\u00e9kez\u00e9s elhunyt tan\u00e1rainkr\u00f3l, \u00e9s di\u00e1kt\u00e1rsainkr\u00f3l<\/li>\n<li>K\u00f6z\u00f6s eb\u00e9d, a gimn\u00e1zium eb\u00e9dl\u0151j\u00e9ben, amire mindenki az egyes\u00fclet \u00e9s az iskola vend\u00e9ge.<\/li>\n<li><strong>D\u00e9lut\u00e1n kb 14 \u00f3r\u00e1t\u00f3l el\u0151ad\u00e1s. Wirthn\u00e9 dr. Diera Bernadett<\/strong>&nbsp;a Nemzeti Eml\u00e9kezet Bizotts\u00e1g tagja lesz a vend\u00e9g\u00fcnk. A 60-as \u00e9vek elej\u00e9n indult egy \u00e1tfog\u00f3 rend\u0151ri akci\u00f3, vagyis a&nbsp;<strong>Fekete Holl\u00f3 fed\u0151nev\u0171 \u201ehadj\u00e1rat\u201d<\/strong> azok ellen, akik a katolikus ifj\u00fas\u00e1ggal nem csak az \u00e1llamhatalom \u00e1ltal j\u00f3l ellen\u0151rizhet\u0151 keretek k\u00f6z\u00f6tt foglalkoztak. Ha k\u00f6zvetlen\u00fcl nem is, de k\u00f6zvetve sokunknak lehet err\u0151l szem\u00e9lyes tapasztalata is, hiszen sz\u00e1mos kisk\u00f6z\u00f6ss\u00e9g, k\u00f6zt\u00fck p\u00e9ld\u00e1ul a Regnum vezet\u0151i is c\u00e9lkersztben voltak. Az el\u0151ad\u00e1s id\u0151tartama kb 1 \u00f3ra.<\/li>\n<\/ul>\n<p style=\"font-weight: 400;\"><strong>Nagyon sok szeretettel v\u00e1runk mindenkit, azokat is, akik nem a mi gimn\u00e1ziumunkban v\u00e9geztek, de sz\u00edvesen j\u00f6nnek k\u00f6z\u00e9nk<\/strong>.<\/p>\n<p style=\"font-weight: 400;\">&nbsp;<\/p>\n<p style=\"font-weight: 400;\">Tisztelettel \u00e9s szeretettel:<br \/>\nV\u00f6r\u00f6s Bal\u00e1zs a vezet\u0151s\u00e9g nev\u00e9ben<\/p>\n<p>&nbsp;<\/p>\n<hr>\n<p>&nbsp;<\/p>\n<p style=\"text-align: center;\"><strong>Megh\u00edv\u00f3 az egyes\u00fclet \u00e9ves megism\u00e9telt k\u00f6zgy\u0171l\u00e9s\u00e9re<\/strong><\/p>\n<p>Kedves \u00d6r\u00f6k Ferences Di\u00e1kok!<br \/>\nA SZEFER 2025. m\u00e1jus 15-ei rendes \u00e9ves k\u00f6zgy\u0171l\u00e9s\u00e9n nem volt jelen a tags\u00e1g 50%-a, \u00edgy a k\u00f6zgy\u0171l\u00e9s nem volt hat\u00e1rozatk\u00e9pes. Ez minden \u00e9vben \u00edgy t\u00f6rt\u00e9nik. \u00c9ppen ez\u00e9rt a h\u00fasv\u00e9ti k\u00f6rlev\u00e9lben minden szab\u00e1lyt betartva, mindig \u00fagy hirdetj\u00fck meg a k\u00f6zgy\u0171l\u00e9st, hogy azonnal megadjuk a megism\u00e9telt k\u00f6zgy\u0171l\u00e9s id\u0151pontj\u00e1t is, azzal, hogy az \u00e9rv\u00e9nytelens\u00e9gr\u0151l a levelez\u0151list\u00e1n adunk \u00e9rtes\u00edt\u00e9st. A Szentendrei Ferences Gimn\u00e1zium \u00d6regdi\u00e1kjainak Orsz\u00e1gos Egyes\u00fclete megism\u00e9telt k\u00f6zgy\u0171l\u00e9s\u00e9t ennek megfelel\u0151en 2025. m\u00e1jus 24-\u00e9n szombaton 15:00 \u00f3rai kezdettel Szentendr\u00e9n a Ferences Gimn\u00e1ziumban megism\u00e9telj\u00fck, ami a jelenl\u00e9v\u0151k l\u00e9tsz\u00e1m\u00e1t\u00f3l f\u00fcggetlen\u00fcl \u00e9rv\u00e9nyes lesz. A k\u00f6zgy\u0171l\u00e9s v\u00e1ltozatlan napirendje, \u00e9s az elfogad\u00e1sra javasolt besz\u00e1mol\u00f3k a gimn\u00e1zium honlapj\u00e1nak \u00d6regdi\u00e1k men\u00fcj\u00e9ben megtal\u00e1lhat\u00f3k, \u00e9s egy\u00fattal itt a levelez\u0151list\u00e1n is k\u00f6zz\u00e9 tessz\u00fck.<\/p>\n<p>Pax et Bonum: V\u00f6r\u00f6s Bal\u00e1zs a vezet\u0151s\u00e9g nev\u00e9ben<\/p>\n<hr>\n<p style=\"text-align: center;\"><strong>MEGH\u00cdV\u00d3<\/strong><\/p>\n<p>Egyes\u00fclet\u00fcnk rendes \u00e9ves k\u00f6zgy\u0171l\u00e9s\u00e9t a t\u00f6rv\u00e9nyi el\u0151\u00edr\u00e1soknak \u00e9s az alapszab\u00e1lyban foglaltaknak megfelel\u0151en, a k\u00f6zelm\u00faltban m\u00e1r megszokott m\u00f3don rendezz\u00fck meg. A k\u00f6zgy\u0171l\u00e9s \u00e9rv\u00e9nyess\u00e9g\u00e9nek felt\u00e9tele az alapszab\u00e1ly szerint, az 50%-os r\u00e9szv\u00e9teli ar\u00e1ny a tags\u00e1g r\u00e9sz\u00e9r\u0151l. Gyakorlati tapasztalat, hogy nagy tagl\u00e9tsz\u00e1m\u00fa egyes\u00fcletek eset\u00e9ben ennek nincs realit\u00e1sa. Amennyiben a rendes k\u00f6zgy\u0171l\u00e9s nem hat\u00e1rozatk\u00e9pes, \u00fagy az \u00e9rv\u00e9nyes jogszab\u00e1lyok \u00e9s az alapszab\u00e1lyunk \u00e9rtelm\u00e9ben v\u00e1ltozatlan napirenddel legal\u00e1bb 3 nap eltelt\u00e9vel, de legk\u00e9s\u0151bb 15 napon bel\u00fcl megism\u00e9telt k\u00f6zgy\u0171l\u00e9st kell \u00f6sszeh\u00edvni, mely a tags\u00e1g jelenl\u00e9t\u00e9nek ar\u00e1ny\u00e1t\u00f3l f\u00fcggetlen\u00fcl \u00e9rv\u00e9nyes \u00e9s hat\u00e1rozatk\u00e9pes.<br \/>\nEz\u00faton \u00e9rtes\u00edtj\u00fck a tags\u00e1got, hogy a Szentendrei Ferences Gimn\u00e1zium \u00d6regdi\u00e1kjainak Orsz\u00e1gos Egyes\u00fclete RENDES \u00c9VES K\u00d6ZGY\u0170L\u00c9S\u00c9T 2025.m\u00e1jus 15-\u00e9n 18:00 \u00f3rai kezdettel tartja a Ferences Gimn\u00e1ziumban (2000 Szentendre, \u00c1prily Lajos t\u00e9r 2.) Id\u00e9n sem sz\u00e1m\u00edtunk arra, hogy a tags\u00e1g 50%-a r\u00e9szt vesz a rendes k\u00f6zgy\u0171l\u00e9sen. \u00c9rv\u00e9nytelens\u00e9g eset\u00e9n nem k\u00fcld\u00fcnk postai \u00faton \u00e9rtes\u00edt\u00e9st, hanem a SZEFER levelez\u0151list\u00e1n \u00e9s a Gimn\u00e1zium honlapj\u00e1ba betagoz\u00f3dott honlapunkon (http:\/\/www.ferencesgimnazium.hu\/index.php\/oregdiak)<br \/>\nadunk t\u00e1j\u00e9koztat\u00e1st. A megism\u00e9telt k\u00f6zgy\u0171l\u00e9st 2024.m\u00e1jus 24-re, 15:00 \u00f3r\u00e1ra tervezz\u00fck. Erre a napra, ak\u00e1rcsak az elm\u00falt \u00e9vekben, egy szolid vend\u00e9gl\u00e1t\u00e1ssal k\u00e9sz\u00fcl az iskola \u00e9s az egyes\u00fclet vezet\u0151s\u00e9ge.<\/p>\n<p><strong>A k\u00f6zgy\u0171l\u00e9s napirendje:<\/strong><br \/>\n1) Eln\u00f6ki besz\u00e1mol\u00f3 a 2024-es \u00e9vr\u0151l <a href=\"https:\/\/ferencesgimnazium.hu\/wp-content\/uploads\/2025\/05\/Egyesuleti-tevekenyseg-2024.pdf\">(ITT let\u00f6lthet\u0151)<\/a><br \/>\n2) Az Egyes\u00fclet p\u00e9nz\u00fcgyi \u00e9s k\u00f6zhaszn\u00fas\u00e1gi besz\u00e1mol\u00f3j\u00e1nak ismertet\u00e9se a 2024-es \u00e9vr\u0151l<br \/>\n3) Az Egyes\u00fclet A 2025-es \u00e9vi k\u00f6lts\u00e9gvet\u00e9si terv\u00e9nek ismertet\u00e9se <a href=\"https:\/\/ferencesgimnazium.hu\/wp-content\/uploads\/2025\/05\/Korlevelbe24.pdf\">(ITT let\u00f6lthet\u0151)<\/a><br \/>\n4) Az Ellen\u0151rz\u0151 Bizotts\u00e1g eln\u00f6k\u00e9nek \u00e9rt\u00e9kel\u00e9se a p\u00e9nz\u00fcgyi besz\u00e1mol\u00f3r\u00f3l<br \/>\n5) A Pax et Bonum Alap\u00edtv\u00e1ny p\u00e9nz\u00fcgyi besz\u00e1mol\u00f3j\u00e1nak ismertet\u00e9se a 2024-es \u00e9vr\u0151l<br \/>\n6) A Fegyelmi Bizotts\u00e1g eln\u00f6k\u00e9nek besz\u00e1mol\u00f3ja<br \/>\n7) Egy\u00e9b aktualit\u00e1sok<\/p>\n<p>&nbsp;<\/p>\n<p>Szeretettel h\u00edvunk \u00e9s v\u00e1runk mindenkit.<\/p>\n<p>Pax et bonum!<br \/>\nV\u00f6r\u00f6s Bal\u00e1zs<br \/>\neln\u00f6k<\/p>\n<hr>\n<p style=\"text-align: center;\"><strong>K\u00d6RLEV\u00c9L<\/strong><\/p>\n<p>2024\/2025-\u00f6s t\u00e9li k\u00f6rlev\u00e9l ezen a <a href=\"https:\/\/ferencesgimnazium.hu\/wp-content\/uploads\/2025\/01\/Korlevel_2024_25.pdf\">linken<\/a> el\u00e9rhet\u0151.<\/p>\n<p>&nbsp;<\/p>\n<hr>\n<p style=\"text-align: center;\"><strong>Megh\u00edv\u00f3 az egyes\u00fclet \u00e9ves megism\u00e9telt k\u00f6zgy\u0171l\u00e9s\u00e9re<\/strong><\/p>\n<p>Kedves \u00d6r\u00f6k Ferences Di\u00e1kok!<br \/>\nA <strong>SZEFER 2024. m\u00e1jus 16-ai rendes \u00e9ves<\/strong> k\u00f6zgy\u0171l\u00e9sen nem volt ott a tags\u00e1g 50%-a, \u00edgy a k\u00f6zgy\u0171l\u00e9s nem volt hat\u00e1rozatk\u00e9pes. Ez minden \u00e9vben \u00edgy t\u00f6rt\u00e9nik. \u00c9ppen ez\u00e9rt a h\u00fasv\u00e9ti k\u00f6rlev\u00e9lben minden szab\u00e1lyt betartva, mindig \u00fagy hirdetj\u00fck meg a k\u00f6zgy\u0171l\u00e9st, hogy azonnal megadjuk a megism\u00e9telt k\u00f6zgy\u0171l\u00e9s id\u0151pontj\u00e1t is, azzal, hogy az \u00e9rv\u00e9nytelens\u00e9gr\u0151l a levelez\u0151list\u00e1n adunk \u00e9rtes\u00edt\u00e9st.<\/p>\n<p><strong>A Szentendrei Ferences Gimn\u00e1zium \u00d6regdi\u00e1kjainak Orsz\u00e1gos Egyes\u00fclete megism\u00e9telt k\u00f6zgy\u0171l\u00e9s\u00e9t ennek megfelel\u0151en 2021. m\u00e1jus 25-\u00e9n szombaton 15:00 \u00f3rai kezdettel Szentendr\u00e9n a Ferences <\/strong><strong>Gimn\u00e1ziumban megism\u00e9telj\u00fck, ami a jelenl\u00e9v\u0151k l\u00e9tsz\u00e1m\u00e1t\u00f3l f\u00fcggetlen\u00fcl \u00e9rv\u00e9nyes lesz.<\/strong><\/p>\n<p>A k\u00f6zgy\u0171l\u00e9s v\u00e1ltozatlan napirendje, \u00e9s az elfogad\u00e1sra javasolt besz\u00e1mol\u00f3k a Gimn\u00e1zium honlapj\u00e1nak<br \/>\n\u00d6regdi\u00e1k men\u00fcj\u00e9ben megtal\u00e1lhat\u00f3k<\/p>\n<p>Pax et Bonum: V\u00f6r\u00f6s Bal\u00e1zs a vezet\u0151s\u00e9g nev\u00e9ben<\/p>\n<p>&nbsp;<\/p>\n<hr>\n<p style=\"text-align: center;\"><strong>MEGH\u00cdV\u00d3<\/strong><\/p>\n<p>&nbsp;<\/p>\n<p>Ez\u00faton is \u00e9rtes\u00edtj\u00fck a tags\u00e1got, hogy a Szentendrei Ferences Gimn\u00e1zium \u00d6regdi\u00e1kjainak Egyes\u00fclete rendes \u00e9ves k\u00f6zgy\u0171l\u00e9st 2024. m\u00e1jus 16-\u00e1n 18 \u00f3rai kezdettel tartja a Ferences Gimn\u00e1ziumban (2000. Szentendre \u00c1prily Lajos t\u00e9r 2.).<\/p>\n<p>A k\u00f6zgy\u0171l\u00e9s napirendje a k\u00f6vetkez\u0151:<\/p>\n<ol>\n<li><strong>Az eln\u00f6k ismerteti a k\u00f6zgy\u0171l\u00e9s napirendj\u00e9t<\/strong><\/li>\n<li><strong>A eln\u00f6ki besz\u00e1mol\u00f3 a 2023-as \u00e9vr\u0151l <\/strong><\/li>\n<li><strong>Az Egyes\u00fclet 2023. \u00e9vi p\u00e9nz\u00fcgyi besz\u00e1mol\u00f3j\u00e1nak \u00e9s a 2024. \u00e9vi tervezett k\u00f6lts\u00e9gvet\u00e9s\u00e9nek ismertet\u00e9se<\/strong><\/li>\n<li><strong>Az Ellen\u0151rz\u0151 Bizotts\u00e1g eln\u00f6k\u00e9nek \u00e9rt\u00e9kel\u00e9se a 2023. \u00e9vi p\u00e9nz\u00fcgyi besz\u00e1mol\u00f3r\u00f3l<\/strong><\/li>\n<li><strong>A Fegyelmi Bizotts\u00e1g eln\u00f6k\u00e9nek besz\u00e1mol\u00f3ja 2023 \u00e9vr\u0151l<\/strong><\/li>\n<li><strong>Az eln\u00f6k besz\u00e1mol a Szerzetesi Iskol\u00e1k Di\u00e1kjainak T\u00e1rsas\u00e1ga (SZITA) megalakul\u00e1s\u00e1r\u00f3l \u00e9s az Egyes\u00fclet szerep\u00e9r\u0151l a t\u00e1rsas\u00e1gban<\/strong><\/li>\n<li><strong>Aktu\u00e1lis k\u00e9rd\u00e9sek megbesz\u00e9l\u00e9se<\/strong><\/li>\n<\/ol>\n<p>\u00c9rv\u00e9nytelens\u00e9g eset\u00e9n v\u00e1ltozatlan napirenddel<\/p>\n<p style=\"text-align: center;\"><strong>a megism\u00e9telt k\u00f6zgy\u0171l\u00e9st<br \/>\n<\/strong><strong>2024. m\u00e1jus 25-\u00e9n 15 \u00f3rai kezdettel<\/strong><\/p>\n<p>tartjuk, azonos helysz\u00ednen&nbsp; \u00e9s az elm\u00falt \u00e9vekhez hasonl\u00f3an szolid vend\u00e9gl\u00e1t\u00e1ssal v\u00e1runk benneteket.<\/p>\n<p>&nbsp;<\/p>\n<p>Szeretettel h\u00edvunk \u00e9s v\u00e1runk mindenkit.<\/p>\n<p>&nbsp;<\/p>\n<p style=\"text-align: right;\">Pax et Bonum!<\/p>\n<p style=\"text-align: right;\">V\u00f6r\u00f6s Bal\u00e1zs<br \/>\neln\u00f6k<\/p>\n<hr>\n<p><em>Ez\u00faton \u00e9rtes\u00edtj\u00fck a tags\u00e1got, hogy a Szentendrei Ferences Gimn\u00e1zium \u00d6regdi\u00e1kjainak Orsz\u00e1gos Egyes\u00fclete RENDES \u00c9VES K\u00d6ZGY\u0170L\u00c9S\u00c9T 2020. szeptember 10-\u00e9n 19:00 \u00f3rai kezdettel tartja a Ferences Gimn\u00e1ziumban (2000 Szentendre, \u00c1prily Lajos t\u00e9r 2.<\/em>)<\/p>\n<p style=\"text-align: center;\">A k\u00f6zgy\u0171l\u00e9s naprendje:<\/p>\n<ol style=\"text-align: center;\">\n<li><strong> Eln\u00f6ki besz\u00e1mol\u00f3 a 2019-es \u00e9vr\u0151l<\/strong><\/li>\n<li><strong> P\u00e9nz\u00fcgyi \u00e9s k\u00f6zhaszn\u00fas\u00e1gi besz\u00e1mol\u00f3 a 2019-es \u00e9vr\u0151l<\/strong><\/li>\n<li><strong> A 2020-es \u00e9vi k\u00f6lts\u00e9gvet\u00e9si terv ismertet\u00e9se<\/strong><\/li>\n<li><strong> A Pax et Bonum alap\u00edtv\u00e1ny besz\u00e1mol\u00f3ja<\/strong><\/li>\n<li><strong> Az Ellen\u0151rz\u0151 Bizotts\u00e1g besz\u00e1mol\u00f3ja a 2019-es \u00e9v besz\u00e1mol\u00f3ir\u00f3l \u00e9s a 2020-as k\u00f6lts\u00e9gvet\u00e9si tervr\u0151l<\/strong><\/li>\n<li><strong> A Fegyelmi Bizotts\u00e1g besz\u00e1mol\u00f3ja a 2019-es \u00e9vr\u0151l<\/strong><\/li>\n<li><strong> Aktu\u00e1lis k\u00e9rd\u00e9sek<\/strong><\/li>\n<\/ol>\n<p style=\"text-align: center;\">&nbsp;<\/p>\n<p style=\"text-align: center;\">Minden kedves egyes\u00fcleti tagot szeretettel v\u00e1runk!<\/p>\n<p style=\"text-align: center;\">A napirend kieg\u00e9sz\u00edt\u00e9s\u00e9re 2020. szeptember 6-ig van lehet\u0151s\u00e9g az Egyes\u00fclet vezet\u0151s\u00e9g\u00e9hez az iskola c\u00edm\u00e9re k\u00fcld\u00f6tt lev\u00e9lben.<\/p>\n<p style=\"text-align: center;\">Amennyiben a k\u00f6zgy\u0171l\u00e9s hat\u00e1rozatk\u00e9ptelen,<\/p>\n<p style=\"text-align: center;\"><strong>a megism\u00e9telt k\u00f6zgy\u0171l\u00e9st 2020. szeptember 19. 15:00-ra tervezz\u00fck<\/strong>.&nbsp;<\/p>\n<p style=\"text-align: center;\">Helysz\u00edn a Ferences Gimn\u00e1zium (2000 Szentendre, \u00c1prily Lajos t\u00e9r 2.) eb\u00e9dl\u0151je. A napirendje megegyezik a k\u00f6zgy\u0171l\u00e9s napirendj\u00e9vel.&nbsp;&nbsp;&nbsp;&nbsp;&nbsp;&nbsp;&nbsp;<\/p>\n<p style=\"text-align: center;\">Erre a napra, ak\u00e1rcsak az elm\u00falt \u00e9vekben, egy szolid vend\u00e9gl\u00e1t\u00e1ssal k\u00e9sz\u00fcl az iskola \u00e9s az egyes\u00fclet vezet\u0151s\u00e9ge.<\/p>\n<p style=\"text-align: center;\">Szeretettel h\u00edvunk \u00e9s v\u00e1runk mindenkit. B\u00edzunk benne, hogy a tavalyi \u00e9vhez hasonl\u00f3an sz\u00e9p sz\u00e1m\u00fa r\u00e9szvev\u0151vel tarthatjuk meg ezt a rendezv\u00e9ny\u00fcnket is.<\/p>\n<p style=\"text-align: center;\">K\u00e9rj\u00fck a tervezhet\u0151s\u00e9g \u00e9rdek\u00e9ben, a k\u00f6vetkez\u0151 lehet\u0151s\u00e9gek valamelyik\u00e9n szeptember 10-ig \u2013 lehet\u0151leg \u2013 kapjunk visszajelz\u00e9st a r\u00e9szv\u00e9teli sz\u00e1nd\u00e9kr\u00f3l: kali.gabriella@externet.hu; 06\/20\/4130541.<\/p>\n<p style=\"text-align: center;\">&nbsp;<\/p>\n<p><em>Pax et bonum!<\/em><\/p>\n<p><em>&nbsp;<\/em><\/p>\n<p><em>V\u00f6r\u00f6s Bal\u00e1zs<\/em><\/p>\n<p><em>eln\u00f6k<\/em><\/p>\n<p>&nbsp;<\/p>\n<hr>\n<p>&nbsp;<\/p>\n<p style=\"text-align: justify;\">A Szentendrei Ferences Gimn\u00e1zium \u00d6regdi\u00e1kjainak Orsz\u00e1gos Egyes\u00fclete vezet\u0151s\u00e9ge t\u00e1j\u00e9koztatja az egyes\u00fcleti tags\u00e1got, minden kedves \u00d6regdi\u00e1kot, hogy a 2019. \u00e1prilis 13-\u00e1n megtartott \u00e9ves rendes k\u00f6zgy\u0171l\u00e9s nem volt hat\u00e1rozatk\u00e9pes. Ennek megfelel\u0151en amint a megh\u00edv\u00f3ban el\u0151zetesen jelezt\u00fck a megism\u00e9telt k\u00f6zgy\u0171l\u00e9s 2019. \u00e1prilis 27-\u00e9n 15:00-kor ker\u00fcl megtart\u00e1sra a Szentendrei Ferences Gimn\u00e1ziumban (2000 Szentendre \u00c1prily Lajos t\u00e9r 2.)<\/p>\n<p>Tisztelettel: V\u00f6r\u00f6s Bal\u00e1zs egyes\u00fclet eln\u00f6ke<\/p>\n<p>&nbsp;<\/p>\n<p>&nbsp;<\/p>\n<hr>\n<p>Kedves \u00d6regdi\u00e1kt\u00e1rsunk!<\/p>\n<div>&nbsp;<\/div>\n<div>Fl\u00f3ri\u00e1n atya 1993. december 2-\u00e1n hunyt el 65. sz\u00fclet\u00e9snapj\u00e1n. Id\u00e9n lenne 90 \u00e9ves \u00e9s 25. \u00e9vfordul\u00f3ja van hal\u00e1l\u00e1nak.<\/div>\n<div>A kett\u0151s \u00e9vfordul\u00f3 alkalm\u00e1b\u00f3l h\u00e1laad\u00f3 szentmise lesz a Margit k\u00f6r\u00fati Ferences Pl\u00e9b\u00e1niatemplomban 2018. december 2-\u00e1n este 6 \u00f3rakor.<\/div>\n<div>Al\u00e1bbiakban olvashat\u00f3 az akkori tartom\u00e1nyf\u0151n\u00f6k, Heged\u0151s Kolos atya \u00e1ltal \u00edrt gy\u00e1szjelent\u00e9s.<\/div>\n<div>&nbsp;<\/div>\n<div>Szeretettel v\u00e1runk a szentmis\u00e9re:<\/div>\n<div>Szentendrey G\u00e9za 67\/B&nbsp; &nbsp; Sas \u00c1gnes 74\/B<\/div>\n<div>\n<div>&nbsp;<\/div>\n<div>\n<p><span id=\"m_1757152080032802277gmail-m_8346169707139531174gmail-docs-internal-guid-771178b3-7fff-9120-ffbc-df1d173101fc\">PAX VIVIS ET REQUIES DEFUNCTIS!<\/span><\/p>\n<p><span id=\"m_1757152080032802277gmail-m_8346169707139531174gmail-docs-internal-guid-771178b3-7fff-9120-ffbc-df1d173101fc\">\u201eFigyelj ide \u00e9s hallgass meg, Maradj csendben \u00e9s n\u00e9zd Isten csod\u00e1it!&#8221;<\/span><\/p>\n<p><span id=\"m_1757152080032802277gmail-m_8346169707139531174gmail-docs-internal-guid-771178b3-7fff-9120-ffbc-df1d173101fc\">(J\u00f3b 37, 14)<\/span><\/p>\n<p>&nbsp;<\/p>\n<p><span id=\"m_1757152080032802277gmail-m_8346169707139531174gmail-docs-internal-guid-771178b3-7fff-9120-ffbc-df1d173101fc\">A BUDAI FERENCES CSAL\u00c1D valamennyi szerzetest\u00e1rsa \u00e9s testv\u00e9rei nev\u00e9ben szomor\u00fa sz\u00edvvel tudatja, hogy<\/span><\/p>\n<p><span id=\"m_1757152080032802277gmail-m_8346169707139531174gmail-docs-internal-guid-771178b3-7fff-9120-ffbc-df1d173101fc\">P. SZENDI G\u00c9ZA FL\u00d3RI\u00c1N FERENCES PAPTAN\u00c1R<\/span><\/p>\n<p><span id=\"m_1757152080032802277gmail-m_8346169707139531174gmail-docs-internal-guid-771178b3-7fff-9120-ffbc-df1d173101fc\">\u00e9let\u00e9nek 65., szerzetess\u00e9g\u00e9nek 45. \u00e9s paps\u00e1g\u00e1nak 41. \u00e9v\u00e9ben hosszas szenved\u00e9s ut\u00e1n<\/span><\/p>\n<p><span id=\"m_1757152080032802277gmail-m_8346169707139531174gmail-docs-internal-guid-771178b3-7fff-9120-ffbc-df1d173101fc\">1993.december 2-\u00e1n Szentendr\u00e9n elhunyt.<\/span><\/p>\n<p><span id=\"m_1757152080032802277gmail-m_8346169707139531174gmail-docs-internal-guid-771178b3-7fff-9120-ffbc-df1d173101fc\">Testv\u00e9r\u00fcnk Hajm\u00e1sk\u00e9ren sz\u00fcletett 1928. december 2-\u00e1n. A sz\u00e9kesfeh\u00e9rv\u00e1ri cisztercita gimn\u00e1ziumban \u00e9retts\u00e9gizett. 1947. szept. 2-\u00e1n ferences nov\u00edcius lett Sz\u00e9cs\u00e9nyben, majd egy \u00e9vvel k\u00e9s\u0151bb fogadalmaival a Rendhez kapcsol\u00f3dott. Filoz\u00f3fi\u00e1t \u00e9s teol\u00f3gi\u00e1t Gy\u00f6ngy\u00f6s\u00f6n \u00e9s Esztergomban tanult. 1953. m\u00e1jus 30-\u00e1n szentelt\u00e9k papp\u00e1 Esztergomban, ahol 1953-55 k\u00f6z\u00f6tt koll\u00e9giumi prefektus volt. 1955-1959 k\u00f6z\u00f6tt az ELTE Term\u00e9szettudom\u00e1nyi Kara biol\u00f3gia-f\u00f6ldrajz szak\u00e1n tanul \u00e9s szerez diplom\u00e1t. Ezeket a tant\u00e1rgyakat eg\u00e9szen 1990-ig tan\u00edtja a Rend szentendrei gimn\u00e1zium\u00e1ban. Emellett 25 \u00e9ven \u00e1t tev\u00e9kenykedett buzg\u00f3 lelkip\u00e1sztork\u00e9nt a r\u00f3zsadombi ferences templomban.<\/span><\/p>\n<p><span id=\"m_1757152080032802277gmail-m_8346169707139531174gmail-docs-internal-guid-771178b3-7fff-9120-ffbc-df1d173101fc\">Munkat\u00e1rsai \u00e9s tan\u00edtv\u00e1nyai egyar\u00e1nt kiv\u00e1l\u00f3 pedag\u00f3gust ismertek meg benne, aki p\u00e9ldamutat\u00f3an, lelkiismeretes k\u00f6vetkezetess\u00e9ggel v\u00e9gezte mindv\u00e9gig tan\u00e1ri munk\u00e1j\u00e1t.. T\u00f6bb mint harminc \u00e9ven \u00e1t a tan\u00edtv\u00e1nyok eg\u00e9sz sor\u00e1t tan\u00edtotta. A tant\u00e1rgyi ismeretek \u00e1tad\u00e1s\u00e1n t\u00fal, Isten csod\u00e1latos nyomait is igyekezett f\u00f6lfedeztetni vel\u00fck a teremtett vil\u00e1gban. Az \u00daristen ezen gazdag \u00e9s sz\u00e9p tan\u00e1ri \u00e9let ut\u00e1n hamarosan s\u00falyos keresztet rakott v\u00e1ll\u00e1ra. Az ember hit\u00e9t pr\u00f3b\u00e1ra tev\u0151 hal\u00e1los betegs\u00e9g\u00e9t Isten kez\u00e9b\u0151l megad\u00e1ssal elfogadta \u00e9s h\u00f3napokon \u00e1t, mindny\u00e1junk\u00e9rt f\u00f6laj\u00e1nlva, h\u0151siesen viselte. A szentmis\u00e9t betegs\u00e9ge alatt is naponta bemutatta \u00e9s \u00edgy csatlakozott az \u00dar kereszt\u00e1ldozat\u00e1hoz \u201ekieg\u00e9sz\u00edtve azt, ami m\u00e9g hi\u00e1nyzik Krisztus szenved\u00e9s\u00e9b\u0151l, test\u00e9nek, az egyh\u00e1znak jav\u00e1ra.&#8221; (Kol 1, 24)<\/span><\/p>\n<p><span id=\"m_1757152080032802277gmail-m_8346169707139531174gmail-docs-internal-guid-771178b3-7fff-9120-ffbc-df1d173101fc\">Sz\u00fclet\u00e9snapj\u00e1n elj\u00f6tt \u00e9rte Urunk J\u00e9zus, hogy megszabad\u00edtsa szenved\u00e9seit\u0151l \u00e9s mag\u00e1val vigye orsz\u00e1g\u00e1ba, ahol nem lesz t\u00f6bb\u00e9 hal\u00e1l, sem gy\u00e1sz, sem jajki\u00e1lt\u00e1s, sem f\u00e1jdalom. Ami eddig volt, elm\u00falt.\u201d (Jel 21, 4)<\/span><\/p>\n<p><span id=\"m_1757152080032802277gmail-m_8346169707139531174gmail-docs-internal-guid-771178b3-7fff-9120-ffbc-df1d173101fc\">Testv\u00e9r\u00fcnket december 9-\u00e9n, 15,30-kor a budai ferences templomban, az \u00e9rette mondott zsolozsma \u00e9s szentmise\u00e1ldozat bemutat\u00e1sa ut\u00e1n, helyezz\u00fck v\u00e9gs\u0151 nyugalomra a templom kript\u00e1j\u00e1ban. (1024 Budapest Margit k\u00f6r\u00fat 23.)<\/span><\/p>\n<p><span id=\"m_1757152080032802277gmail-m_8346169707139531174gmail-docs-internal-guid-771178b3-7fff-9120-ffbc-df1d173101fc\">\u201eAz \u00dar adta, az \u00dar elvette, Legyen \u00e1ldott az \u00dar neve!&#8221;<\/span><\/p>\n<p><span id=\"m_1757152080032802277gmail-m_8346169707139531174gmail-docs-internal-guid-771178b3-7fff-9120-ffbc-df1d173101fc\">J\u00f3b 1, 21b)<\/span><\/p>\n<\/div>\n<\/div>\n","protected":false},"excerpt":{"rendered":"<p>Megjelent a 2026 tavaszi k\u00f6rlev\u00e9l, amely itt olvashat\u00f3. Szent Ferenc napi \u00f6regdi\u00e1k lelkinap &nbsp; Az idei&nbsp;lelkinapot&nbsp;a szokott m\u00f3don, a kar\u00e1csonyi [&hellip;]<\/p>\n","protected":false},"author":2,"featured_media":0,"parent":0,"menu_order":0,"comment_status":"closed","ping_status":"closed","template":"","meta":{"ngg_post_thumbnail":0,"footnotes":""},"class_list":["post-1708","page","type-page","status-publish","hentry"],"_links":{"self":[{"href":"https:\/\/ferencesgimnazium.hu\/index.php\/wp-json\/wp\/v2\/pages\/1708","targetHints":{"allow":["GET"]}}],"collection":[{"href":"https:\/\/ferencesgimnazium.hu\/index.php\/wp-json\/wp\/v2\/pages"}],"about":[{"href":"https:\/\/ferencesgimnazium.hu\/index.php\/wp-json\/wp\/v2\/types\/page"}],"author":[{"embeddable":true,"href":"https:\/\/ferencesgimnazium.hu\/index.php\/wp-json\/wp\/v2\/users\/2"}],"replies":[{"embeddable":true,"href":"https:\/\/ferencesgimnazium.hu\/index.php\/wp-json\/wp\/v2\/comments?post=1708"}],"version-history":[{"count":5,"href":"https:\/\/ferencesgimnazium.hu\/index.php\/wp-json\/wp\/v2\/pages\/1708\/revisions"}],"predecessor-version":[{"id":4534,"href":"https:\/\/ferencesgimnazium.hu\/index.php\/wp-json\/wp\/v2\/pages\/1708\/revisions\/4534"}],"wp:attachment":[{"href":"https:\/\/ferencesgimnazium.hu\/index.php\/wp-json\/wp\/v2\/media?parent=1708"}],"curies":[{"name":"wp","href":"https:\/\/api.w.org\/{rel}","templated":true}]}}