{"id":1686,"date":"2018-10-16T00:09:19","date_gmt":"2018-10-15T22:09:19","guid":{"rendered":"https:\/\/ferencesgimnazium.hu\/?page_id=1686"},"modified":"2026-02-10T08:48:13","modified_gmt":"2026-02-10T07:48:13","slug":"impresszum","status":"publish","type":"page","link":"https:\/\/ferencesgimnazium.hu\/index.php\/impresszum\/","title":{"rendered":"Impresszum"},"content":{"rendered":"<p style=\"text-align: justify;\"><span style=\"font-family: georgia, palatino, serif;\">A ferencesgimnazium.hu domain nevet a Ferences Gimn\u00e1zium haszn\u00e1lja. Az iskola vezet\u0151je dr. Kamp Alfr\u00e9d.<\/span><\/p>\n<p style=\"text-align: justify;\"><span style=\"font-family: georgia, palatino, serif;\">C\u00edm: 2000 Szentendre, \u00c1prily Lajos t\u00e9r 2.<\/span><br \/>\n<span style=\"font-family: georgia, palatino, serif;\">Telefon:<span style=\"font-family: georgia, palatino, serif; font-size: 12pt;\">+36\/26 787-045<\/span><\/span><br \/>\n<span style=\"font-family: georgia, palatino, serif;\">e-mail: iskola@ferencesgimnazium.hu<\/span><\/p>\n<p style=\"text-align: justify;\"><span style=\"font-family: georgia, palatino, serif;\">A ferencesgimnazium.hu honlapon olvashat\u00f3 h\u00edrek t\u00f6bbs\u00e9g\u00e9t a Ferences Gimn\u00e1zium munkat\u00e1rsai \u00e1ll\u00edtj\u00e1k \u00f6ssze.<\/span><\/p>\n","protected":false},"excerpt":{"rendered":"<p>A ferencesgimnazium.hu domain nevet a Ferences Gimn\u00e1zium haszn\u00e1lja. Az iskola vezet\u0151je dr. Kamp Alfr\u00e9d. C\u00edm: 2000 Szentendre, \u00c1prily Lajos t\u00e9r [&hellip;]<\/p>\n","protected":false},"author":2,"featured_media":0,"parent":0,"menu_order":0,"comment_status":"closed","ping_status":"closed","template":"","meta":{"ngg_post_thumbnail":0,"footnotes":""},"class_list":["post-1686","page","type-page","status-publish","hentry"],"_links":{"self":[{"href":"https:\/\/ferencesgimnazium.hu\/index.php\/wp-json\/wp\/v2\/pages\/1686","targetHints":{"allow":["GET"]}}],"collection":[{"href":"https:\/\/ferencesgimnazium.hu\/index.php\/wp-json\/wp\/v2\/pages"}],"about":[{"href":"https:\/\/ferencesgimnazium.hu\/index.php\/wp-json\/wp\/v2\/types\/page"}],"author":[{"embeddable":true,"href":"https:\/\/ferencesgimnazium.hu\/index.php\/wp-json\/wp\/v2\/users\/2"}],"replies":[{"embeddable":true,"href":"https:\/\/ferencesgimnazium.hu\/index.php\/wp-json\/wp\/v2\/comments?post=1686"}],"version-history":[{"count":5,"href":"https:\/\/ferencesgimnazium.hu\/index.php\/wp-json\/wp\/v2\/pages\/1686\/revisions"}],"predecessor-version":[{"id":4461,"href":"https:\/\/ferencesgimnazium.hu\/index.php\/wp-json\/wp\/v2\/pages\/1686\/revisions\/4461"}],"wp:attachment":[{"href":"https:\/\/ferencesgimnazium.hu\/index.php\/wp-json\/wp\/v2\/media?parent=1686"}],"curies":[{"name":"wp","href":"https:\/\/api.w.org\/{rel}","templated":true}]}}

<p style="text-align: justify;"><span style="font-family: georgia, palatino, serif;">A ferencesgimnazium.hu domain nevet a Ferences Gimnázium használja. Az iskola vezetője dr. Kamp Alfréd.</span></p>
<p style="text-align: justify;"><span style="font-family: georgia, palatino, serif;">Cím: 2000 Szentendre, Áprily Lajos tér 2.</span><br />
<span style="font-family: georgia, palatino, serif;">Telefon:<span style="font-family: georgia, palatino, serif; font-size: 12pt;">+36/26 787-045</span></span><br />
<span style="font-family: georgia, palatino, serif;">e-mail: iskola@ferencesgimnazium.hu</span></p>
<p style="text-align: justify;"><span style="font-family: georgia, palatino, serif;">A ferencesgimnazium.hu honlapon olvasható hírek többségét a Ferences Gimnázium munkatársai állítják össze.</span></p>

<p>A ferencesgimnazium.hu domain nevet a Ferences Gimnázium használja. Az iskola vezetője dr. Kamp Alfréd. Cím: 2000 Szentendre, Áprily Lajos tér [&hellip;]</p>
