{"id":1286,"date":"2018-08-28T22:43:04","date_gmt":"2018-08-28T21:43:04","guid":{"rendered":"https:\/\/ferencesgimnazium.hu\/?page_id=1286"},"modified":"2018-08-28T23:29:01","modified_gmt":"2018-08-28T22:29:01","slug":"programok","status":"publish","type":"page","link":"https:\/\/ferencesgimnazium.hu\/index.php\/programok\/","title":{"rendered":"Programok"},"content":{"rendered":"<p style=\"text-align: justify;\"><img loading=\"lazy\" decoding=\"async\" class=\"size-medium wp-image-1306 alignleft\" src=\"https:\/\/ferencesgimnazium.hu\/wp-content\/uploads\/2018\/08\/tura-300x200.jpg\" alt=\"\" width=\"300\" height=\"200\" srcset=\"https:\/\/ferencesgimnazium.hu\/wp-content\/uploads\/2018\/08\/tura-300x200.jpg 300w, https:\/\/ferencesgimnazium.hu\/wp-content\/uploads\/2018\/08\/tura-230x153.jpg 230w, https:\/\/ferencesgimnazium.hu\/wp-content\/uploads\/2018\/08\/tura-350x233.jpg 350w, https:\/\/ferencesgimnazium.hu\/wp-content\/uploads\/2018\/08\/tura.jpg 425w\" sizes=\"auto, (max-width: 300px) 100vw, 300px\" \/>A k\u00f6z\u00f6ss\u00e9g form\u00e1l\u00e1sa a teljes iskolai \u00e9letet \u00e1thatja, kiterjed a szabadid\u0151s tev\u00e9kenys\u00e9gekre, kir\u00e1ndul\u00e1sokra, a k\u00f6z\u00f6s programokra \u00e9s a di\u00e1kok \u00f6ntev\u00e9keny szervez\u0151d\u00e9seire is. C\u00e9lunk, hogy a k\u00f6z\u00f6ss\u00e9g v\u00e1lj\u00e9k sz\u00ednter\u00e9v\u00e9 a szem\u00e9lyis\u00e9g kibontakoz\u00e1s\u00e1nak \u00e9s fejl\u0151d\u00e9s\u00e9nek, olyan forr\u00e1ss\u00e1, amelyb\u0151l az egy\u00e9n er\u0151t mer\u00edthet, tov\u00e1bb\u00e1 hogy seg\u00edtsen a tanul\u00f3k esetleges probl\u00e9m\u00e1inak, konfliktusainak megold\u00e1s\u00e1ban is. Az oszt\u00e1lyok az \u00e9vek sor\u00e1n olyan k\u00f6z\u00f6ss\u00e9gekk\u00e9 v\u00e1lnak, amelyek k\u00e9s\u0151bb az \u00e9let m\u00e1s ter\u00fcletein is egym\u00e1s seg\u00edts\u00e9g\u00e9re vannak. A k\u00f6z\u00f6ss\u00e9gg\u00e9 v\u00e1l\u00e1st sok program seg\u00edti el\u0151. Az oszt\u00e1lyok az \u00e9v sor\u00e1n r\u00e9szt vesznek oszt\u00e1lykir\u00e1ndul\u00e1son, m\u00fazeumi napon, sportnapon, sz\u00ednh\u00e1zl\u00e1togat\u00e1son \u00e9s m\u00e9g sok m\u00e1s programon, amiket az oszt\u00e1lyf\u0151n\u00f6kkel k\u00f6z\u00f6sen szerveznek.<\/p>\n<hr>\n<p style=\"text-align: justify;\"><img loading=\"lazy\" decoding=\"async\" class=\"size-medium wp-image-1305 alignright\" src=\"https:\/\/ferencesgimnazium.hu\/wp-content\/uploads\/2018\/08\/teszi1-300x300.jpg\" alt=\"\" width=\"300\" height=\"300\" srcset=\"https:\/\/ferencesgimnazium.hu\/wp-content\/uploads\/2018\/08\/teszi1-300x300.jpg 300w, https:\/\/ferencesgimnazium.hu\/wp-content\/uploads\/2018\/08\/teszi1-150x150.jpg 150w, https:\/\/ferencesgimnazium.hu\/wp-content\/uploads\/2018\/08\/teszi1-230x231.jpg 230w, https:\/\/ferencesgimnazium.hu\/wp-content\/uploads\/2018\/08\/teszi1.jpg 425w\" sizes=\"auto, (max-width: 300px) 100vw, 300px\" \/>Iskol\u00e1nk a k\u00f6z\u00f6ss\u00e9gi szolg\u00e1latot minden esetben vagy a v\u00e1ros szoci\u00e1lis int\u00e9zm\u00e9nyeivel, vagy civil, egyh\u00e1zi szervezetekkel, szerzetesrendekkel kar\u00f6ltve szervezi meg. Ily m\u00f3don a di\u00e1kok szakk\u00e9pzett munkat\u00e1rsak ir\u00e1ny\u00edt\u00e1s\u00e1val, a t\u00f6rv\u00e9nynek \u00e9s a helyi el\u0151\u00edr\u00e1soknak megfelel\u0151en v\u00e9gzik el a k\u00f6z\u00f6ss\u00e9gi szolg\u00e1latot. Programunk c\u00e9lja, hogy tudatos\u00edtsuk di\u00e1kjainkban: nem \u00f6n\u00e1ll\u00f3 szigetekk\u00e9nt \u00e9l\u00fcnk a vil\u00e1gban, hanem egy k\u00f6z\u00f6ss\u00e9g tagjai vagyunk, ez\u00e1ltal felel\u0151ss\u00e9ggel tartozunk egym\u00e1s\u00e9rt. Egy eg\u00e9szs\u00e9ges t\u00e1rsadalomban nem hagyj\u00e1k magukra a bajba jutottakat, az elesett embereket. Ez\u00e9rt di\u00e1kjaink rendszeresen seg\u00edtenek beteg, r\u00e1szorul\u00f3, h\u00e1tr\u00e1nyos helyzet\u0171 embereknek.<\/p>\n","protected":false},"excerpt":{"rendered":"<p>A k\u00f6z\u00f6ss\u00e9g form\u00e1l\u00e1sa a teljes iskolai \u00e9letet \u00e1thatja, kiterjed a szabadid\u0151s tev\u00e9kenys\u00e9gekre, kir\u00e1ndul\u00e1sokra, a k\u00f6z\u00f6s programokra \u00e9s a di\u00e1kok \u00f6ntev\u00e9keny [&hellip;]<\/p>\n","protected":false},"author":2,"featured_media":0,"parent":0,"menu_order":0,"comment_status":"closed","ping_status":"closed","template":"","meta":{"ngg_post_thumbnail":0,"footnotes":""},"class_list":["post-1286","page","type-page","status-publish","hentry"],"_links":{"self":[{"href":"https:\/\/ferencesgimnazium.hu\/index.php\/wp-json\/wp\/v2\/pages\/1286","targetHints":{"allow":["GET"]}}],"collection":[{"href":"https:\/\/ferencesgimnazium.hu\/index.php\/wp-json\/wp\/v2\/pages"}],"about":[{"href":"https:\/\/ferencesgimnazium.hu\/index.php\/wp-json\/wp\/v2\/types\/page"}],"author":[{"embeddable":true,"href":"https:\/\/ferencesgimnazium.hu\/index.php\/wp-json\/wp\/v2\/users\/2"}],"replies":[{"embeddable":true,"href":"https:\/\/ferencesgimnazium.hu\/index.php\/wp-json\/wp\/v2\/comments?post=1286"}],"version-history":[{"count":3,"href":"https:\/\/ferencesgimnazium.hu\/index.php\/wp-json\/wp\/v2\/pages\/1286\/revisions"}],"predecessor-version":[{"id":1307,"href":"https:\/\/ferencesgimnazium.hu\/index.php\/wp-json\/wp\/v2\/pages\/1286\/revisions\/1307"}],"wp:attachment":[{"href":"https:\/\/ferencesgimnazium.hu\/index.php\/wp-json\/wp\/v2\/media?parent=1286"}],"curies":[{"name":"wp","href":"https:\/\/api.w.org\/{rel}","templated":true}]}}