{"id":1244,"date":"2018-08-26T21:41:43","date_gmt":"2018-08-26T20:41:43","guid":{"rendered":"http:\/\/195.199.208.92\/?page_id=1244"},"modified":"2020-10-14T21:45:18","modified_gmt":"2020-10-14T19:45:18","slug":"iskola","status":"publish","type":"page","link":"https:\/\/ferencesgimnazium.hu\/index.php\/iskola\/","title":{"rendered":"Iskola"},"content":{"rendered":"<p style=\"text-align: justify;\"><span style=\"font-family: georgia, palatino, serif;\"><a href=\"https:\/\/ferencesgimnazium.hu\/wp-content\/uploads\/2020\/10\/20200902_105027-scaled.jpg\"><img loading=\"lazy\" decoding=\"async\" class=\"size-medium wp-image-2716 alignleft\" src=\"https:\/\/ferencesgimnazium.hu\/wp-content\/uploads\/2020\/10\/20200902_105027-300x169.jpg\" alt=\"\" width=\"300\" height=\"169\" srcset=\"https:\/\/ferencesgimnazium.hu\/wp-content\/uploads\/2020\/10\/20200902_105027-300x169.jpg 300w, https:\/\/ferencesgimnazium.hu\/wp-content\/uploads\/2020\/10\/20200902_105027-1024x576.jpg 1024w, https:\/\/ferencesgimnazium.hu\/wp-content\/uploads\/2020\/10\/20200902_105027-768x432.jpg 768w, https:\/\/ferencesgimnazium.hu\/wp-content\/uploads\/2020\/10\/20200902_105027-1536x864.jpg 1536w, https:\/\/ferencesgimnazium.hu\/wp-content\/uploads\/2020\/10\/20200902_105027-2048x1152.jpg 2048w, https:\/\/ferencesgimnazium.hu\/wp-content\/uploads\/2020\/10\/20200902_105027-830x467.jpg 830w, https:\/\/ferencesgimnazium.hu\/wp-content\/uploads\/2020\/10\/20200902_105027-230x129.jpg 230w, https:\/\/ferencesgimnazium.hu\/wp-content\/uploads\/2020\/10\/20200902_105027-350x197.jpg 350w, https:\/\/ferencesgimnazium.hu\/wp-content\/uploads\/2020\/10\/20200902_105027-480x270.jpg 480w\" sizes=\"auto, (max-width: 300px) 100vw, 300px\" \/><\/a>A ferences rend szolg\u00e1lat\u00e1nak alapja az evang\u00e9lium meg\u00e9l\u00e9se \u00e9s hirdet\u00e9se. Az elm\u00falt 800 \u00e9vben ezt a tev\u00e9kenys\u00e9g\u00e9t k\u00fcl\u00f6nb\u00f6z\u0151 helyeken \u00e9s m\u00f3dokon v\u00e9gezte, de mindig Szent Ferenc der\u0171j\u00e9vel \u00e9s lelkesed\u00e9s\u00e9vel. Nem v\u00e9letlen, hogy Magyarorsz\u00e1gon a n\u00e9p bar\u00e1toknak h\u00edvta, h\u00edvja a ferenceseket.<\/span><\/p>\n<p style=\"text-align: justify;\"><span style=\"font-family: georgia, palatino, serif;\">Ezzel a lelk\u00fclettel igyeksz\u00fcnk mi is, itt a Dunakanyarban v\u00e9gezni oktat\u00f3, nevel\u0151 munk\u00e1nkat. Szeretn\u00e9nk egyr\u00e9szt a rendnek azt a hagyom\u00e1ny\u00e1t k\u00f6vetni, hogy az evang\u00e9lium szellem\u00e9ben utat mutatunk a hozz\u00e1nk \u00e9rkez\u0151 ifj\u00fas\u00e1gnak, m\u00e1sr\u00e9szt meg akarunk felelni a 21. sz\u00e1zad kih\u00edv\u00e1sainak.&nbsp;<\/span><br \/>\n<span style=\"font-family: georgia, palatino, serif;\">Ennek jegy\u00e9ben ferences lelk\u00fcletet k\u00f6zvet\u00edt\u0151, bar\u00e1ts\u00e1gos, a kor kih\u00edv\u00e1sainak megfelel\u0151, korszer\u0171 \u00e9s hat\u00e9kony iskol\u00e1t k\u00e9pzel\u00fcnk el, olyat, ahol a di\u00e1kok a tan\u00e1rok t\u00e1mogat\u00e1s\u00e1val&nbsp;k\u00e9pess\u00e9geiket \u00fagy fejleszthetik, hogy k\u00e9s\u0151bb az \u00e9let b\u00e1rmely ter\u00fclet\u00e9n meg\u00e1llj\u00e1k hely\u00fcket. Olyan tud\u00e1st szeretn\u00e9nk \u00e1tadni, amely egyr\u00e9szt meger\u0151s\u00edti a fiatalok kereszt\u00e9ny \u00e9s magyar identit\u00e1s\u00e1t, m\u00e1sr\u00e9szt el\u0151seg\u00edti, hogy korunk soksz\u00edn\u0171s\u00e9g\u00e9ben k\u00e9pesek legyenek eligazodni.<\/span><\/p>\n<p style=\"text-align: justify;\"><span style=\"font-family: georgia, palatino, serif;\"><a href=\"https:\/\/ferencesgimnazium.hu\/wp-content\/uploads\/2020\/10\/jelv\u00e9ny-scaled.jpg\"><img loading=\"lazy\" decoding=\"async\" class=\"size-medium wp-image-2713 alignright\" src=\"https:\/\/ferencesgimnazium.hu\/wp-content\/uploads\/2020\/10\/jelv\u00e9ny-300x229.jpg\" alt=\"\" width=\"300\" height=\"229\" srcset=\"https:\/\/ferencesgimnazium.hu\/wp-content\/uploads\/2020\/10\/jelv\u00e9ny-300x229.jpg 300w, https:\/\/ferencesgimnazium.hu\/wp-content\/uploads\/2020\/10\/jelv\u00e9ny-1024x783.jpg 1024w, https:\/\/ferencesgimnazium.hu\/wp-content\/uploads\/2020\/10\/jelv\u00e9ny-768x587.jpg 768w, https:\/\/ferencesgimnazium.hu\/wp-content\/uploads\/2020\/10\/jelv\u00e9ny-1536x1175.jpg 1536w, https:\/\/ferencesgimnazium.hu\/wp-content\/uploads\/2020\/10\/jelv\u00e9ny-2048x1566.jpg 2048w, https:\/\/ferencesgimnazium.hu\/wp-content\/uploads\/2020\/10\/jelv\u00e9ny-830x635.jpg 830w, https:\/\/ferencesgimnazium.hu\/wp-content\/uploads\/2020\/10\/jelv\u00e9ny-230x176.jpg 230w, https:\/\/ferencesgimnazium.hu\/wp-content\/uploads\/2020\/10\/jelv\u00e9ny-350x268.jpg 350w, https:\/\/ferencesgimnazium.hu\/wp-content\/uploads\/2020\/10\/jelv\u00e9ny-480x367.jpg 480w\" sizes=\"auto, (max-width: 300px) 100vw, 300px\" \/><\/a>Fontos sz\u00e1munkra, hogy az egy\u00e9ni fejl\u0151d\u00e9ssel egyidej\u0171leg olyan&nbsp;k\u00f6z\u00f6ss\u00e9gg\u00e9 v\u00e1ljon a ferences di\u00e1ks\u00e1g, ahol otthon \u00e9rzi mag\u00e1t, ahol bar\u00e1tokra tal\u00e1lhat. Aki itt v\u00e9gzett, tudja, hogy a ferences di\u00e1k olyan nagy csal\u00e1dnak v\u00e1lik a tagj\u00e1v\u00e1, amely \u00e9let\u00e9ben t\u00e1mogat\u00f3lag van jelen.<\/span><br \/>\n<span style=\"font-family: georgia, palatino, serif;\">Az\u00e9rt, h<\/span><span style=\"font-family: georgia, palatino, serif;\">ogy ezeket a c\u00e9lokat el\u00e9rj\u00fck, az ut\u00f3bbi k\u00e9t \u00e9vben sok fejleszt\u00e9s t\u00f6rt\u00e9nt. Korszer\u0171s\u00edtett\u00fck a pedag\u00f3gi\u00e1nkat megalapoz\u00f3 dokumentumainkat, alak\u00edtottunk az oktat\u00e1s strukt\u00far\u00e1j\u00e1n, fejleszt\u00e9sek t\u00f6rt\u00e9ntek az iskola \u00e9p\u00fclet\u00e9t illet\u0151en, \u00faj l<\/span><span style=\"font-family: georgia, palatino, serif;\">\u00e9tes\u00edtm\u00e9nyek j\u00f6ttek l\u00e9tre.<\/span><\/p>\n<p style=\"font-weight: 400; text-align: justify;\"><span style=\"font-family: georgia, palatino, serif;\">Gimn\u00e1ziumunkban 6 \u00e9s 4 \u00e9vfolyamos k\u00e9pz\u00e9sben t\u00f6rt\u00e9nik az oktat\u00e1s. Iskol\u00e1nk elk\u00f6telezett, hogy a tud\u00e1snak olyan eszk\u00f6zt\u00e1r\u00e1t adja a fiataloknak, amelyek birtok\u00e1ban megtal\u00e1lj\u00e1k hely\u00fcket abban a vil\u00e1gban, amelyet a technikai \u00e9s tudom\u00e1nyos ismeretek hat\u00e1roznak meg, hogy k\u00e9pesek legyenek az alkot\u00f3, teremt\u0151 munk\u00e1ra. Iskol\u00e1nk t\u00f6rekszik a kult\u00fara \u00e9s a hit szint\u00e9zis\u00e9t adni, hiszen a tud\u00e1s a hit f\u00e9ny\u00e9ben b\u00f6lcsess\u00e9gg\u00e9 nemes\u00fcl, \u00e9s vil\u00e1gn\u00e9zett\u00e9 alakul.<\/span><\/p>\n<p style=\"font-weight: 400;\"><span style=\"font-family: georgia, palatino, serif;\"><b><strong>Gimn\u00e1ziumunk c\u00e9lja, hogy a di\u00e1kok<\/strong><\/b><\/span><\/p>\n<ul style=\"font-weight: 400; list-style-type: circle;\">\n<li><span style=\"font-family: georgia, palatino, serif;\">a kereszt\u00e9ny \u00e9rt\u00e9kekre \u00e9p\u00edtve h\u00edv\u0151, m\u0171velt emberr\u00e9, kiegyens\u00falyozott szem\u00e9lyis\u00e9gg\u00e9, Istent \u00e9s embert\u00e1rsait szeret\u0151, felel\u0151s polg\u00e1rr\u00e1 v\u00e1ljanak.<\/span><\/li>\n<li><span style=\"font-family: georgia, palatino, serif;\">tanulm\u00e1nyaikban seg\u00edts\u00e9get kapjanak<\/span><\/li>\n<li><span style=\"font-family: georgia, palatino, serif;\">a tov\u00e1bbtanul\u00e1sra felk\u00e9sz\u00fcljenek<\/span><\/li>\n<li><span style=\"font-family: georgia, palatino, serif;\">tud\u00e1sban, \u00f6nfegyelemben n\u00f6vekedjenek<\/span><\/li>\n<li><span style=\"font-family: georgia, palatino, serif;\">mor\u00e1lis \u00e9s eszt\u00e9tikai szeml\u00e9let\u00fck nemesedjen,<\/span><\/li>\n<li><span style=\"font-family: georgia, palatino, serif;\">kognit\u00edv \u00e9s kommunik\u00e1ci\u00f3s k\u00e9pess\u00e9ge fejl\u0151dj\u00f6n<\/span><\/li>\n<li><span style=\"font-family: georgia, palatino, serif;\">az \u00e9rt\u00e9kes tud\u00e1s \u00e9s az \u00e9rt\u00e9kes alkot\u00e1sok ir\u00e1nti ig\u00e9ny\u00fck kialakuljon<\/span><\/li>\n<\/ul>\n<p style=\"font-weight: 400;\"><span style=\"font-family: georgia, palatino, serif;\"><b><strong>Ebben a tant\u00e1rgyi \u00f3rakereten t\u00fal a di\u00e1kok seg\u00edts\u00e9g\u00e9re vannak:<\/strong><\/b><\/span><\/p>\n<ul style=\"font-weight: 400; list-style-type: circle;\">\n<li><span style=\"font-family: georgia, palatino, serif;\">fejleszt\u0151 foglalkoz\u00e1sok<\/span><\/li>\n<li><span style=\"font-family: georgia, palatino, serif;\">korrepet\u00e1l\u00e1sok, felz\u00e1rk\u00f3ztat\u00e1sok<\/span><\/li>\n<li><span style=\"font-family: georgia, palatino, serif;\">tanul\u00f3szoba<\/span><\/li>\n<li><span style=\"font-family: georgia, palatino, serif;\">szakk\u00f6ri foglalkoz\u00e1sok,<\/span><\/li>\n<li><span style=\"font-family: georgia, palatino, serif;\">k\u00fcl\u00f6nb\u00f6z\u0151 versenyeken val\u00f3 r\u00e9szv\u00e9tel,<\/span><\/li>\n<li><span style=\"font-family: georgia, palatino, serif;\">egy\u00e9ni tanul\u00e1st seg\u00edt\u0151 programok,<\/span><\/li>\n<li><span style=\"font-family: georgia, palatino, serif;\">emelt szint\u0171 \u00e9retts\u00e9gire val\u00f3 felk\u00e9sz\u00edt\u00e9s,<\/span><\/li>\n<li><span style=\"font-family: georgia, palatino, serif;\">az oszt\u00e1lykir\u00e1ndul\u00e1sok, sz\u00ednh\u00e1zel\u0151ad\u00e1sok \u00e9s ki\u00e1ll\u00edt\u00e1sok l\u00e1togat\u00e1sa<\/span><\/li>\n<\/ul>\n<p><a href=\"https:\/\/ferencesgimnazium.hu\/wp-content\/uploads\/2020\/10\/Transzalpin_SZE_2020_139-scaled.jpg\"><img loading=\"lazy\" decoding=\"async\" class=\"aligncenter wp-image-2715 size-large\" src=\"https:\/\/ferencesgimnazium.hu\/wp-content\/uploads\/2020\/10\/Transzalpin_SZE_2020_139-1024x576.jpg\" alt=\"\" width=\"1024\" height=\"576\" srcset=\"https:\/\/ferencesgimnazium.hu\/wp-content\/uploads\/2020\/10\/Transzalpin_SZE_2020_139-1024x576.jpg 1024w, https:\/\/ferencesgimnazium.hu\/wp-content\/uploads\/2020\/10\/Transzalpin_SZE_2020_139-300x169.jpg 300w, https:\/\/ferencesgimnazium.hu\/wp-content\/uploads\/2020\/10\/Transzalpin_SZE_2020_139-768x432.jpg 768w, https:\/\/ferencesgimnazium.hu\/wp-content\/uploads\/2020\/10\/Transzalpin_SZE_2020_139-1536x864.jpg 1536w, https:\/\/ferencesgimnazium.hu\/wp-content\/uploads\/2020\/10\/Transzalpin_SZE_2020_139-2048x1152.jpg 2048w, https:\/\/ferencesgimnazium.hu\/wp-content\/uploads\/2020\/10\/Transzalpin_SZE_2020_139-830x467.jpg 830w, https:\/\/ferencesgimnazium.hu\/wp-content\/uploads\/2020\/10\/Transzalpin_SZE_2020_139-230x129.jpg 230w, https:\/\/ferencesgimnazium.hu\/wp-content\/uploads\/2020\/10\/Transzalpin_SZE_2020_139-350x197.jpg 350w, https:\/\/ferencesgimnazium.hu\/wp-content\/uploads\/2020\/10\/Transzalpin_SZE_2020_139-480x270.jpg 480w\" sizes=\"auto, (max-width: 1024px) 100vw, 1024px\" \/><\/a><\/p>\n<p><a href=\"https:\/\/ferencesgimnazium.hu\/wp-content\/uploads\/2020\/10\/kopjafa-scaled.jpg\"><img loading=\"lazy\" decoding=\"async\" class=\"aligncenter wp-image-2714 size-large\" src=\"https:\/\/ferencesgimnazium.hu\/wp-content\/uploads\/2020\/10\/kopjafa-1024x683.jpg\" alt=\"\" width=\"1024\" height=\"683\" srcset=\"https:\/\/ferencesgimnazium.hu\/wp-content\/uploads\/2020\/10\/kopjafa-1024x683.jpg 1024w, https:\/\/ferencesgimnazium.hu\/wp-content\/uploads\/2020\/10\/kopjafa-300x200.jpg 300w, https:\/\/ferencesgimnazium.hu\/wp-content\/uploads\/2020\/10\/kopjafa-768x512.jpg 768w, https:\/\/ferencesgimnazium.hu\/wp-content\/uploads\/2020\/10\/kopjafa-1536x1024.jpg 1536w, https:\/\/ferencesgimnazium.hu\/wp-content\/uploads\/2020\/10\/kopjafa-2048x1365.jpg 2048w, https:\/\/ferencesgimnazium.hu\/wp-content\/uploads\/2020\/10\/kopjafa-830x553.jpg 830w, https:\/\/ferencesgimnazium.hu\/wp-content\/uploads\/2020\/10\/kopjafa-230x153.jpg 230w, https:\/\/ferencesgimnazium.hu\/wp-content\/uploads\/2020\/10\/kopjafa-350x233.jpg 350w, https:\/\/ferencesgimnazium.hu\/wp-content\/uploads\/2020\/10\/kopjafa-480x320.jpg 480w\" sizes=\"auto, (max-width: 1024px) 100vw, 1024px\" \/><\/a><\/p>\n<p><a href=\"https:\/\/ferencesgimnazium.hu\/wp-content\/uploads\/2020\/10\/\u00e9nekkear-scaled.jpg\"><img loading=\"lazy\" decoding=\"async\" class=\"aligncenter wp-image-2711 size-large\" src=\"https:\/\/ferencesgimnazium.hu\/wp-content\/uploads\/2020\/10\/\u00e9nekkear-1024x483.jpg\" alt=\"\" width=\"1024\" height=\"483\" srcset=\"https:\/\/ferencesgimnazium.hu\/wp-content\/uploads\/2020\/10\/\u00e9nekkear-1024x483.jpg 1024w, https:\/\/ferencesgimnazium.hu\/wp-content\/uploads\/2020\/10\/\u00e9nekkear-300x142.jpg 300w, https:\/\/ferencesgimnazium.hu\/wp-content\/uploads\/2020\/10\/\u00e9nekkear-768x362.jpg 768w, https:\/\/ferencesgimnazium.hu\/wp-content\/uploads\/2020\/10\/\u00e9nekkear-1536x725.jpg 1536w, https:\/\/ferencesgimnazium.hu\/wp-content\/uploads\/2020\/10\/\u00e9nekkear-2048x966.jpg 2048w, https:\/\/ferencesgimnazium.hu\/wp-content\/uploads\/2020\/10\/\u00e9nekkear-830x392.jpg 830w, https:\/\/ferencesgimnazium.hu\/wp-content\/uploads\/2020\/10\/\u00e9nekkear-230x109.jpg 230w, https:\/\/ferencesgimnazium.hu\/wp-content\/uploads\/2020\/10\/\u00e9nekkear-350x165.jpg 350w, https:\/\/ferencesgimnazium.hu\/wp-content\/uploads\/2020\/10\/\u00e9nekkear-480x227.jpg 480w\" sizes=\"auto, (max-width: 1024px) 100vw, 1024px\" \/><\/a><\/p>\n<p><a href=\"https:\/\/ferencesgimnazium.hu\/wp-content\/uploads\/2020\/10\/Gor\u00e1lok_f\u00f6ldj\u00e9n_SZE_2020_232-scaled.jpg\"><img loading=\"lazy\" decoding=\"async\" class=\"aligncenter wp-image-2712 size-large\" src=\"https:\/\/ferencesgimnazium.hu\/wp-content\/uploads\/2020\/10\/Gor\u00e1lok_f\u00f6ldj\u00e9n_SZE_2020_232-1024x576.jpg\" alt=\"\" width=\"1024\" height=\"576\" srcset=\"https:\/\/ferencesgimnazium.hu\/wp-content\/uploads\/2020\/10\/Gor\u00e1lok_f\u00f6ldj\u00e9n_SZE_2020_232-1024x576.jpg 1024w, https:\/\/ferencesgimnazium.hu\/wp-content\/uploads\/2020\/10\/Gor\u00e1lok_f\u00f6ldj\u00e9n_SZE_2020_232-300x169.jpg 300w, https:\/\/ferencesgimnazium.hu\/wp-content\/uploads\/2020\/10\/Gor\u00e1lok_f\u00f6ldj\u00e9n_SZE_2020_232-768x432.jpg 768w, https:\/\/ferencesgimnazium.hu\/wp-content\/uploads\/2020\/10\/Gor\u00e1lok_f\u00f6ldj\u00e9n_SZE_2020_232-1536x864.jpg 1536w, https:\/\/ferencesgimnazium.hu\/wp-content\/uploads\/2020\/10\/Gor\u00e1lok_f\u00f6ldj\u00e9n_SZE_2020_232-2048x1152.jpg 2048w, https:\/\/ferencesgimnazium.hu\/wp-content\/uploads\/2020\/10\/Gor\u00e1lok_f\u00f6ldj\u00e9n_SZE_2020_232-830x467.jpg 830w, https:\/\/ferencesgimnazium.hu\/wp-content\/uploads\/2020\/10\/Gor\u00e1lok_f\u00f6ldj\u00e9n_SZE_2020_232-230x129.jpg 230w, https:\/\/ferencesgimnazium.hu\/wp-content\/uploads\/2020\/10\/Gor\u00e1lok_f\u00f6ldj\u00e9n_SZE_2020_232-350x197.jpg 350w, https:\/\/ferencesgimnazium.hu\/wp-content\/uploads\/2020\/10\/Gor\u00e1lok_f\u00f6ldj\u00e9n_SZE_2020_232-480x270.jpg 480w\" sizes=\"auto, (max-width: 1024px) 100vw, 1024px\" \/><\/a><\/p>\n<p><a href=\"https:\/\/ferencesgimnazium.hu\/wp-content\/uploads\/2020\/10\/Dolomitok_SZE_2020_237-scaled.jpg\"><img loading=\"lazy\" decoding=\"async\" class=\"aligncenter wp-image-2710 size-large\" src=\"https:\/\/ferencesgimnazium.hu\/wp-content\/uploads\/2020\/10\/Dolomitok_SZE_2020_237-1024x576.jpg\" alt=\"\" width=\"1024\" height=\"576\" srcset=\"https:\/\/ferencesgimnazium.hu\/wp-content\/uploads\/2020\/10\/Dolomitok_SZE_2020_237-1024x576.jpg 1024w, https:\/\/ferencesgimnazium.hu\/wp-content\/uploads\/2020\/10\/Dolomitok_SZE_2020_237-300x169.jpg 300w, https:\/\/ferencesgimnazium.hu\/wp-content\/uploads\/2020\/10\/Dolomitok_SZE_2020_237-768x432.jpg 768w, https:\/\/ferencesgimnazium.hu\/wp-content\/uploads\/2020\/10\/Dolomitok_SZE_2020_237-1536x864.jpg 1536w, https:\/\/ferencesgimnazium.hu\/wp-content\/uploads\/2020\/10\/Dolomitok_SZE_2020_237-2048x1152.jpg 2048w, https:\/\/ferencesgimnazium.hu\/wp-content\/uploads\/2020\/10\/Dolomitok_SZE_2020_237-830x467.jpg 830w, https:\/\/ferencesgimnazium.hu\/wp-content\/uploads\/2020\/10\/Dolomitok_SZE_2020_237-230x129.jpg 230w, https:\/\/ferencesgimnazium.hu\/wp-content\/uploads\/2020\/10\/Dolomitok_SZE_2020_237-350x197.jpg 350w, https:\/\/ferencesgimnazium.hu\/wp-content\/uploads\/2020\/10\/Dolomitok_SZE_2020_237-480x270.jpg 480w\" sizes=\"auto, (max-width: 1024px) 100vw, 1024px\" \/><\/a><\/p>\n<p><a href=\"https:\/\/ferencesgimnazium.hu\/wp-content\/uploads\/2020\/10\/Ballag\u00e1s2.jpg\"><img loading=\"lazy\" decoding=\"async\" class=\"aligncenter wp-image-2709 size-large\" src=\"https:\/\/ferencesgimnazium.hu\/wp-content\/uploads\/2020\/10\/Ballag\u00e1s2-1024x552.jpg\" alt=\"\" width=\"1024\" height=\"552\" srcset=\"https:\/\/ferencesgimnazium.hu\/wp-content\/uploads\/2020\/10\/Ballag\u00e1s2-1024x552.jpg 1024w, https:\/\/ferencesgimnazium.hu\/wp-content\/uploads\/2020\/10\/Ballag\u00e1s2-300x162.jpg 300w, https:\/\/ferencesgimnazium.hu\/wp-content\/uploads\/2020\/10\/Ballag\u00e1s2-768x414.jpg 768w, https:\/\/ferencesgimnazium.hu\/wp-content\/uploads\/2020\/10\/Ballag\u00e1s2-1536x828.jpg 1536w, https:\/\/ferencesgimnazium.hu\/wp-content\/uploads\/2020\/10\/Ballag\u00e1s2-2048x1104.jpg 2048w, https:\/\/ferencesgimnazium.hu\/wp-content\/uploads\/2020\/10\/Ballag\u00e1s2-830x448.jpg 830w, https:\/\/ferencesgimnazium.hu\/wp-content\/uploads\/2020\/10\/Ballag\u00e1s2-230x124.jpg 230w, https:\/\/ferencesgimnazium.hu\/wp-content\/uploads\/2020\/10\/Ballag\u00e1s2-350x189.jpg 350w, https:\/\/ferencesgimnazium.hu\/wp-content\/uploads\/2020\/10\/Ballag\u00e1s2-480x259.jpg 480w\" sizes=\"auto, (max-width: 1024px) 100vw, 1024px\" \/><\/a><\/p>\n<p>&nbsp;<\/p>\n","protected":false},"excerpt":{"rendered":"<p>A ferences rend szolg\u00e1lat\u00e1nak alapja az evang\u00e9lium meg\u00e9l\u00e9se \u00e9s hirdet\u00e9se. Az elm\u00falt 800 \u00e9vben ezt a tev\u00e9kenys\u00e9g\u00e9t k\u00fcl\u00f6nb\u00f6z\u0151 helyeken \u00e9s [&hellip;]<\/p>\n","protected":false},"author":2,"featured_media":0,"parent":0,"menu_order":0,"comment_status":"closed","ping_status":"closed","template":"","meta":{"ngg_post_thumbnail":0,"footnotes":""},"class_list":["post-1244","page","type-page","status-publish","hentry"],"_links":{"self":[{"href":"https:\/\/ferencesgimnazium.hu\/index.php\/wp-json\/wp\/v2\/pages\/1244","targetHints":{"allow":["GET"]}}],"collection":[{"href":"https:\/\/ferencesgimnazium.hu\/index.php\/wp-json\/wp\/v2\/pages"}],"about":[{"href":"https:\/\/ferencesgimnazium.hu\/index.php\/wp-json\/wp\/v2\/types\/page"}],"author":[{"embeddable":true,"href":"https:\/\/ferencesgimnazium.hu\/index.php\/wp-json\/wp\/v2\/users\/2"}],"replies":[{"embeddable":true,"href":"https:\/\/ferencesgimnazium.hu\/index.php\/wp-json\/wp\/v2\/comments?post=1244"}],"version-history":[{"count":5,"href":"https:\/\/ferencesgimnazium.hu\/index.php\/wp-json\/wp\/v2\/pages\/1244\/revisions"}],"predecessor-version":[{"id":2721,"href":"https:\/\/ferencesgimnazium.hu\/index.php\/wp-json\/wp\/v2\/pages\/1244\/revisions\/2721"}],"wp:attachment":[{"href":"https:\/\/ferencesgimnazium.hu\/index.php\/wp-json\/wp\/v2\/media?parent=1244"}],"curies":[{"name":"wp","href":"https:\/\/api.w.org\/{rel}","templated":true}]}}